{"id":967,"date":"2025-07-30T15:34:20","date_gmt":"2025-07-30T13:34:20","guid":{"rendered":"https:\/\/mint.jena.de\/?page_id=967"},"modified":"2026-03-09T09:08:47","modified_gmt":"2026-03-09T08:08:47","slug":"informatik-klasse-5","status":"publish","type":"page","link":"https:\/\/mint.jena.de\/index.php\/informatik-klasse-5\/","title":{"rendered":"Informatik Klasse 5"},"content":{"rendered":"\n<h4><span style=\"color: #339966;\"><span style=\"color: #ff6600;\">Derzeit leider keine Teilnahme mehr m\u00f6glich!<\/span><br \/><br \/>Fahrende Roboter, die Logik von Minecraft und die ganze Welt des Internets&#8230;<\/span><\/h4>\n<p><strong>Informatik AG f\u00fcr Sch\u00fclerinnen und Sch\u00fcler der Klasse 5<\/strong><br \/>Leitung: Benedikt Schmidt<br \/>Wann: Freitags, 13:15 \u2013 14:00 Uhr<br \/>Wo: Carl-Zeiss-Gymnasium Jena oder Teilnahme auch von zu Hause*\u00a0m\u00f6glich.<\/p>\n<p><strong>Das erwartet dich:<\/strong><\/p>\n<ul>\n<li>Wir programmieren Roboter &#8211; mit und ohne Lego Mindstorms<\/li>\n<li>Wir versuchen uns an Minecraft ohne Computer \ud83d\ude09<\/li>\n<li>Wir lernen das Internet in seinen gesamten Z\u00fcgen kennen und informieren uns \u00fcber Datenschutz, Urheberrecht, Datentransfer, E-Mails, Domains, usw.\u00a0<\/li>\n<\/ul>\n<p><img loading=\"lazy\" decoding=\"async\" class=\"alignnone size-full wp-image-1040\" src=\"https:\/\/mint.jena.de\/wp-content\/uploads\/2025\/07\/Flyer-Informatik-AG-5.png\" alt=\"\" width=\"1415\" height=\"2000\" srcset=\"https:\/\/mint.jena.de\/wp-content\/uploads\/2025\/07\/Flyer-Informatik-AG-5.png 1415w, https:\/\/mint.jena.de\/wp-content\/uploads\/2025\/07\/Flyer-Informatik-AG-5-212x300.png 212w, https:\/\/mint.jena.de\/wp-content\/uploads\/2025\/07\/Flyer-Informatik-AG-5-724x1024.png 724w, https:\/\/mint.jena.de\/wp-content\/uploads\/2025\/07\/Flyer-Informatik-AG-5-768x1086.png 768w, https:\/\/mint.jena.de\/wp-content\/uploads\/2025\/07\/Flyer-Informatik-AG-5-1087x1536.png 1087w\" sizes=\"auto, (max-width: 1415px) 100vw, 1415px\" \/><\/p>\n<p><a href=\"https:\/\/mint.jena.de\/index.php\/mint-ags\/\">Melde dich jetzt an!<\/a><br \/>*Wenn du die AGs nicht live besuchen kannst, besteht die M\u00f6glichkeit einer online-Teilnahme. Du bekommst die Inhalte der AG per Mail zugesandt und kannst auch an Videokonferenzen oder Livetreffen teilnehmen. In jedem Fall erh\u00e4ltst du regelm\u00e4\u00dfig konstruktives und professionelles Feedback zu deinen Ergebnissen und L\u00f6sungsideen!<\/p>\n","protected":false},"excerpt":{"rendered":"<p>Derzeit leider keine Teilnahme mehr m\u00f6glich! Fahrende Roboter, die Logik von Minecraft und die ganze Welt des Internets&#8230; Informatik AG f\u00fcr Sch\u00fclerinnen und Sch\u00fcler der Klasse 5Leitung: Benedikt SchmidtWann: Freitags, 13:15 \u2013 14:00 UhrWo: Carl-Zeiss-Gymnasium Jena oder Teilnahme auch von zu Hause*\u00a0m\u00f6glich. Das erwartet dich: Wir programmieren Roboter &#8211; mit und ohne Lego Mindstorms Wir &hellip; <a href=\"https:\/\/mint.jena.de\/index.php\/informatik-klasse-5\/\" class=\"more-link\"><span class=\"screen-reader-text\">Informatik Klasse 5<\/span> weiterlesen<\/a><\/p>\n","protected":false},"author":5,"featured_media":1044,"parent":0,"menu_order":0,"comment_status":"closed","ping_status":"closed","template":"","meta":{"footnotes":""},"class_list":["post-967","page","type-page","status-publish","has-post-thumbnail","hentry"],"_links":{"self":[{"href":"https:\/\/mint.jena.de\/index.php\/wp-json\/wp\/v2\/pages\/967","targetHints":{"allow":["GET"]}}],"collection":[{"href":"https:\/\/mint.jena.de\/index.php\/wp-json\/wp\/v2\/pages"}],"about":[{"href":"https:\/\/mint.jena.de\/index.php\/wp-json\/wp\/v2\/types\/page"}],"author":[{"embeddable":true,"href":"https:\/\/mint.jena.de\/index.php\/wp-json\/wp\/v2\/users\/5"}],"replies":[{"embeddable":true,"href":"https:\/\/mint.jena.de\/index.php\/wp-json\/wp\/v2\/comments?post=967"}],"version-history":[{"count":5,"href":"https:\/\/mint.jena.de\/index.php\/wp-json\/wp\/v2\/pages\/967\/revisions"}],"predecessor-version":[{"id":1122,"href":"https:\/\/mint.jena.de\/index.php\/wp-json\/wp\/v2\/pages\/967\/revisions\/1122"}],"wp:featuredmedia":[{"embeddable":true,"href":"https:\/\/mint.jena.de\/index.php\/wp-json\/wp\/v2\/media\/1044"}],"wp:attachment":[{"href":"https:\/\/mint.jena.de\/index.php\/wp-json\/wp\/v2\/media?parent=967"}],"curies":[{"name":"wp","href":"https:\/\/api.w.org\/{rel}","templated":true}]}}

<h4><span style="color: #339966;"><span style="color: #ff6600;">Derzeit leider keine Teilnahme mehr möglich!</span><br /><br />Fahrende Roboter, die Logik von Minecraft und die ganze Welt des Internets&#8230;</span></h4>
<p><strong>Informatik AG für Schülerinnen und Schüler der Klasse 5</strong><br />Leitung: Benedikt Schmidt<br />Wann: Freitags, 13:15 – 14:00 Uhr<br />Wo: Carl-Zeiss-Gymnasium Jena oder Teilnahme auch von zu Hause* möglich.</p>
<p><strong>Das erwartet dich:</strong></p>
<ul>
<li>Wir programmieren Roboter &#8211; mit und ohne Lego Mindstorms</li>
<li>Wir versuchen uns an Minecraft ohne Computer 😉</li>
<li>Wir lernen das Internet in seinen gesamten Zügen kennen und informieren uns über Datenschutz, Urheberrecht, Datentransfer, E-Mails, Domains, usw. </li>
</ul>
<p><img loading="lazy" decoding="async" class="alignnone size-full wp-image-1040" src="https://mint.jena.de/wp-content/uploads/2025/07/Flyer-Informatik-AG-5.png" alt="" width="1415" height="2000" srcset="https://mint.jena.de/wp-content/uploads/2025/07/Flyer-Informatik-AG-5.png 1415w, https://mint.jena.de/wp-content/uploads/2025/07/Flyer-Informatik-AG-5-212x300.png 212w, https://mint.jena.de/wp-content/uploads/2025/07/Flyer-Informatik-AG-5-724x1024.png 724w, https://mint.jena.de/wp-content/uploads/2025/07/Flyer-Informatik-AG-5-768x1086.png 768w, https://mint.jena.de/wp-content/uploads/2025/07/Flyer-Informatik-AG-5-1087x1536.png 1087w" sizes="auto, (max-width: 1415px) 100vw, 1415px" /></p>
<p><a href="https://mint.jena.de/index.php/mint-ags/">Melde dich jetzt an!</a><br />*Wenn du die AGs nicht live besuchen kannst, besteht die Möglichkeit einer online-Teilnahme. Du bekommst die Inhalte der AG per Mail zugesandt und kannst auch an Videokonferenzen oder Livetreffen teilnehmen. In jedem Fall erhältst du regelmäßig konstruktives und professionelles Feedback zu deinen Ergebnissen und Lösungsideen!</p>

<p>Derzeit leider keine Teilnahme mehr möglich! Fahrende Roboter, die Logik von Minecraft und die ganze Welt des Internets&#8230; Informatik AG für Schülerinnen und Schüler der Klasse 5Leitung: Benedikt SchmidtWann: Freitags, 13:15 – 14:00 UhrWo: Carl-Zeiss-Gymnasium Jena oder Teilnahme auch von zu Hause* möglich. Das erwartet dich: Wir programmieren Roboter &#8211; mit und ohne Lego Mindstorms Wir &hellip; <a href="https://mint.jena.de/index.php/informatik-klasse-5/" class="more-link"><span class="screen-reader-text">Informatik Klasse 5</span> weiterlesen</a></p>
