{"id":966,"date":"2025-07-30T15:34:20","date_gmt":"2025-07-30T13:34:20","guid":{"rendered":"https:\/\/mint.jena.de\/?page_id=966"},"modified":"2025-08-03T13:01:45","modified_gmt":"2025-08-03T11:01:45","slug":"ag-kopfrechnen-kl-5-7","status":"publish","type":"page","link":"https:\/\/mint.jena.de\/index.php\/ag-kopfrechnen-kl-5-7\/","title":{"rendered":"AG Kopfrechnen Kl. 5-7"},"content":{"rendered":"\n<h3><span style=\"color: #993300;\"><strong>Kopfrechnen!<\/strong><\/span><\/h3>\n<p><strong>Mathematik AG f\u00fcr Sch\u00fclerinnen und Sch\u00fcler der Klassen 5-7<\/strong><br \/>Leitung: Dr. J\u00f6rg Bader<br \/>Wann: Mittwochs, 15:00 &#8211; 15:45 Uhr<br \/>Wo: Carl-Zeiss-Gymnasium Jena oder Teilnahme auch von zu Hause<span style=\"color: #b2d36f;\">*<\/span> m\u00f6glich<br \/><br \/>Das erwartet dich:<\/p>\n<ul>\n<li>Wir trainieren eure F\u00e4higkeit des Kopfrechnens<\/li>\n<li>Wir rechnen am Kalender<\/li>\n<li>Wir besch\u00e4ftigen uns mit Primzahlen<\/li>\n<li>Wir k\u00f6nnen eine Teilnahme an der Kopfrechnen-Meisterschaft m\u00f6glich machen.<\/li>\n<\/ul>\n<p><img loading=\"lazy\" decoding=\"async\" class=\"alignnone size-full wp-image-874\" src=\"https:\/\/mint.jena.de\/wp-content\/uploads\/2025\/06\/Flyer-MINT-AGs-SJ-2025-2026.png\" alt=\"\" width=\"1237\" height=\"1750\" srcset=\"https:\/\/mint.jena.de\/wp-content\/uploads\/2025\/06\/Flyer-MINT-AGs-SJ-2025-2026.png 1237w, https:\/\/mint.jena.de\/wp-content\/uploads\/2025\/06\/Flyer-MINT-AGs-SJ-2025-2026-212x300.png 212w, https:\/\/mint.jena.de\/wp-content\/uploads\/2025\/06\/Flyer-MINT-AGs-SJ-2025-2026-724x1024.png 724w, https:\/\/mint.jena.de\/wp-content\/uploads\/2025\/06\/Flyer-MINT-AGs-SJ-2025-2026-768x1086.png 768w, https:\/\/mint.jena.de\/wp-content\/uploads\/2025\/06\/Flyer-MINT-AGs-SJ-2025-2026-1086x1536.png 1086w\" sizes=\"auto, (max-width: 1237px) 100vw, 1237px\" \/><\/p>\n<p><img loading=\"lazy\" decoding=\"async\" class=\"alignnone size-medium wp-image-727\" src=\"https:\/\/mint.jena.de\/wp-content\/uploads\/2024\/08\/MINT-AG-Fotos-Polaroid-2-e1722788591994-300x289.png\" alt=\"\" width=\"300\" height=\"289\" srcset=\"https:\/\/mint.jena.de\/wp-content\/uploads\/2024\/08\/MINT-AG-Fotos-Polaroid-2-e1722788591994-300x289.png 300w, https:\/\/mint.jena.de\/wp-content\/uploads\/2024\/08\/MINT-AG-Fotos-Polaroid-2-e1722788591994-1024x988.png 1024w, https:\/\/mint.jena.de\/wp-content\/uploads\/2024\/08\/MINT-AG-Fotos-Polaroid-2-e1722788591994-768x741.png 768w, https:\/\/mint.jena.de\/wp-content\/uploads\/2024\/08\/MINT-AG-Fotos-Polaroid-2-e1722788591994.png 1140w\" sizes=\"auto, (max-width: 300px) 100vw, 300px\" \/><\/p>\n<p><a href=\"https:\/\/mint.jena.de\/index.php\/mint-ags\/\">Melde dich jetzt an!<\/a>\u00a0<br \/><span style=\"color: #b2d36f;\">*<\/span> Wenn du die AG nicht live besuchen kannst, besteht die M\u00f6glichkeit einer online-Teilnahme. Du bekommst die Inhalte der AG per Mail zugesandt und wirst zu regelm\u00e4\u00dfigen Livetreffen vor Ort oder Videokonferenzen eingeladen (ca. 4 mal im Schuljahr).<\/p>\n<p>\u00a0<\/p>\n<p>\u00a0<\/p>\n","protected":false},"excerpt":{"rendered":"<p>Kopfrechnen! Mathematik AG f\u00fcr Sch\u00fclerinnen und Sch\u00fcler der Klassen 5-7Leitung: Dr. J\u00f6rg BaderWann: Mittwochs, 15:00 &#8211; 15:45 UhrWo: Carl-Zeiss-Gymnasium Jena oder Teilnahme auch von zu Hause* m\u00f6glich Das erwartet dich: Wir trainieren eure F\u00e4higkeit des Kopfrechnens Wir rechnen am Kalender Wir besch\u00e4ftigen uns mit Primzahlen Wir k\u00f6nnen eine Teilnahme an der Kopfrechnen-Meisterschaft m\u00f6glich machen. Melde &hellip; <a href=\"https:\/\/mint.jena.de\/index.php\/ag-kopfrechnen-kl-5-7\/\" class=\"more-link\"><span class=\"screen-reader-text\">AG Kopfrechnen Kl. 5-7<\/span> weiterlesen<\/a><\/p>\n","protected":false},"author":5,"featured_media":1014,"parent":0,"menu_order":0,"comment_status":"closed","ping_status":"closed","template":"","meta":{"footnotes":""},"class_list":["post-966","page","type-page","status-publish","has-post-thumbnail","hentry"],"_links":{"self":[{"href":"https:\/\/mint.jena.de\/index.php\/wp-json\/wp\/v2\/pages\/966","targetHints":{"allow":["GET"]}}],"collection":[{"href":"https:\/\/mint.jena.de\/index.php\/wp-json\/wp\/v2\/pages"}],"about":[{"href":"https:\/\/mint.jena.de\/index.php\/wp-json\/wp\/v2\/types\/page"}],"author":[{"embeddable":true,"href":"https:\/\/mint.jena.de\/index.php\/wp-json\/wp\/v2\/users\/5"}],"replies":[{"embeddable":true,"href":"https:\/\/mint.jena.de\/index.php\/wp-json\/wp\/v2\/comments?post=966"}],"version-history":[{"count":4,"href":"https:\/\/mint.jena.de\/index.php\/wp-json\/wp\/v2\/pages\/966\/revisions"}],"predecessor-version":[{"id":1052,"href":"https:\/\/mint.jena.de\/index.php\/wp-json\/wp\/v2\/pages\/966\/revisions\/1052"}],"wp:featuredmedia":[{"embeddable":true,"href":"https:\/\/mint.jena.de\/index.php\/wp-json\/wp\/v2\/media\/1014"}],"wp:attachment":[{"href":"https:\/\/mint.jena.de\/index.php\/wp-json\/wp\/v2\/media?parent=966"}],"curies":[{"name":"wp","href":"https:\/\/api.w.org\/{rel}","templated":true}]}}

<h3><span style="color: #993300;"><strong>Kopfrechnen!</strong></span></h3>
<p><strong>Mathematik AG für Schülerinnen und Schüler der Klassen 5-7</strong><br />Leitung: Dr. Jörg Bader<br />Wann: Mittwochs, 15:00 &#8211; 15:45 Uhr<br />Wo: Carl-Zeiss-Gymnasium Jena oder Teilnahme auch von zu Hause<span style="color: #b2d36f;">*</span> möglich<br /><br />Das erwartet dich:</p>
<ul>
<li>Wir trainieren eure Fähigkeit des Kopfrechnens</li>
<li>Wir rechnen am Kalender</li>
<li>Wir beschäftigen uns mit Primzahlen</li>
<li>Wir können eine Teilnahme an der Kopfrechnen-Meisterschaft möglich machen.</li>
</ul>
<p><img loading="lazy" decoding="async" class="alignnone size-full wp-image-874" src="https://mint.jena.de/wp-content/uploads/2025/06/Flyer-MINT-AGs-SJ-2025-2026.png" alt="" width="1237" height="1750" srcset="https://mint.jena.de/wp-content/uploads/2025/06/Flyer-MINT-AGs-SJ-2025-2026.png 1237w, https://mint.jena.de/wp-content/uploads/2025/06/Flyer-MINT-AGs-SJ-2025-2026-212x300.png 212w, https://mint.jena.de/wp-content/uploads/2025/06/Flyer-MINT-AGs-SJ-2025-2026-724x1024.png 724w, https://mint.jena.de/wp-content/uploads/2025/06/Flyer-MINT-AGs-SJ-2025-2026-768x1086.png 768w, https://mint.jena.de/wp-content/uploads/2025/06/Flyer-MINT-AGs-SJ-2025-2026-1086x1536.png 1086w" sizes="auto, (max-width: 1237px) 100vw, 1237px" /></p>
<p><img loading="lazy" decoding="async" class="alignnone size-medium wp-image-727" src="https://mint.jena.de/wp-content/uploads/2024/08/MINT-AG-Fotos-Polaroid-2-e1722788591994-300x289.png" alt="" width="300" height="289" srcset="https://mint.jena.de/wp-content/uploads/2024/08/MINT-AG-Fotos-Polaroid-2-e1722788591994-300x289.png 300w, https://mint.jena.de/wp-content/uploads/2024/08/MINT-AG-Fotos-Polaroid-2-e1722788591994-1024x988.png 1024w, https://mint.jena.de/wp-content/uploads/2024/08/MINT-AG-Fotos-Polaroid-2-e1722788591994-768x741.png 768w, https://mint.jena.de/wp-content/uploads/2024/08/MINT-AG-Fotos-Polaroid-2-e1722788591994.png 1140w" sizes="auto, (max-width: 300px) 100vw, 300px" /></p>
<p><a href="https://mint.jena.de/index.php/mint-ags/">Melde dich jetzt an!</a> <br /><span style="color: #b2d36f;">*</span> Wenn du die AG nicht live besuchen kannst, besteht die Möglichkeit einer online-Teilnahme. Du bekommst die Inhalte der AG per Mail zugesandt und wirst zu regelmäßigen Livetreffen vor Ort oder Videokonferenzen eingeladen (ca. 4 mal im Schuljahr).</p>
<p> </p>
<p> </p>

<p>Kopfrechnen! Mathematik AG für Schülerinnen und Schüler der Klassen 5-7Leitung: Dr. Jörg BaderWann: Mittwochs, 15:00 &#8211; 15:45 UhrWo: Carl-Zeiss-Gymnasium Jena oder Teilnahme auch von zu Hause* möglich Das erwartet dich: Wir trainieren eure Fähigkeit des Kopfrechnens Wir rechnen am Kalender Wir beschäftigen uns mit Primzahlen Wir können eine Teilnahme an der Kopfrechnen-Meisterschaft möglich machen. Melde &hellip; <a href="https://mint.jena.de/index.php/ag-kopfrechnen-kl-5-7/" class="more-link"><span class="screen-reader-text">AG Kopfrechnen Kl. 5-7</span> weiterlesen</a></p>
