{"id":962,"date":"2025-07-30T15:34:19","date_gmt":"2025-07-30T13:34:19","guid":{"rendered":"https:\/\/mint.jena.de\/?page_id=962"},"modified":"2025-07-30T16:23:15","modified_gmt":"2025-07-30T14:23:15","slug":"mint-ag-klasse-5","status":"publish","type":"page","link":"https:\/\/mint.jena.de\/index.php\/mint-ag-klasse-5\/","title":{"rendered":"MINT AG Klasse 5"},"content":{"rendered":"\n<h3><span style=\"color: #1a5b6e;\"><strong>Raketenflug und Planetenweg &#8230;<\/strong><\/span><\/h3>\n<p><span style=\"color: #1a5b6e;\"><strong><br \/><\/strong><\/span><strong>MINT AG f\u00fcr Sch\u00fclerinnen und Sch\u00fcler der Klasse 5<\/strong><br \/>Leitung: Dr. Stefan V\u00f6lker<br \/>Wann: Freitags, 13:15 &#8211; 14:00 Uhr<br \/>Wo: Carl-Zeiss-Gymnasium Jena oder Teilnahme auch von zu Hause<span style=\"color: #b2d36f;\">*<\/span> m\u00f6glich<br \/><br \/>Das erwartet dich:<img loading=\"lazy\" decoding=\"async\" class=\"alignright wp-image-683 size-medium\" src=\"https:\/\/mint.jena.de\/wp-content\/uploads\/2024\/08\/Rakete-2-e1722726211674-300x148.png\" alt=\"\" width=\"300\" height=\"148\" srcset=\"https:\/\/mint.jena.de\/wp-content\/uploads\/2024\/08\/Rakete-2-e1722726211674-300x148.png 300w, https:\/\/mint.jena.de\/wp-content\/uploads\/2024\/08\/Rakete-2-e1722726211674-1024x505.png 1024w, https:\/\/mint.jena.de\/wp-content\/uploads\/2024\/08\/Rakete-2-e1722726211674-768x379.png 768w, https:\/\/mint.jena.de\/wp-content\/uploads\/2024\/08\/Rakete-2-e1722726211674-1536x758.png 1536w, https:\/\/mint.jena.de\/wp-content\/uploads\/2024\/08\/Rakete-2-e1722726211674.png 1573w\" sizes=\"auto, (max-width: 300px) 100vw, 300px\" \/><\/p>\n<ul>\n<li>Wir besch\u00e4ftigen uns mit einer der \u00e4ltesten Naturwissenschaften, der <strong>Astronomie<\/strong>, also der Lehre von Sternen, Planeten, Monden, u. v. m.<\/li>\n<li>Los geht\u2019s aber mit Raumfahrt. Wir bauen verschiedene<strong> Raketen<\/strong>, lassen sie nat\u00fcrlich fliegen und finden heraus, warum sie abheben. <img loading=\"lazy\" decoding=\"async\" class=\"alignleft size-medium wp-image-686\" src=\"https:\/\/mint.jena.de\/wp-content\/uploads\/2024\/08\/Rakete-3-e1722726400754-209x300.png\" alt=\"\" width=\"209\" height=\"300\" srcset=\"https:\/\/mint.jena.de\/wp-content\/uploads\/2024\/08\/Rakete-3-e1722726400754-209x300.png 209w, https:\/\/mint.jena.de\/wp-content\/uploads\/2024\/08\/Rakete-3-e1722726400754-712x1024.png 712w, https:\/\/mint.jena.de\/wp-content\/uploads\/2024\/08\/Rakete-3-e1722726400754-768x1104.png 768w, https:\/\/mint.jena.de\/wp-content\/uploads\/2024\/08\/Rakete-3-e1722726400754.png 800w\" sizes=\"auto, (max-width: 209px) 100vw, 209px\" \/><\/li>\n<li>Wie gro\u00df ist eigentlich unser Sonnensystem? Wir bauen einen <strong>Planetenweg<\/strong> f\u00fcr die Schule.<\/li>\n<li>Nat\u00fcrlich schauen wir auch ganz genau auf die Sterne. Welche <strong>Sternbilder<\/strong> kennt ihr? Wo und wann findet man sie am Himmel? Was verbirgt sich hinter Namen wie \u201eGro\u00dfer B\u00e4r\u201c oder \u201eB\u00e4renh\u00fcter\u201c?<\/li>\n<li>In der AG sollt ihr m\u00f6glichst viel <strong>selbst<\/strong> <strong>machen<\/strong> und selbst herausfinden.<\/li>\n<li>Nebenbei schnuppern wir in die Physik, die Chemie, die Mathematik, die \u2026<\/li>\n<\/ul>\n<p><img loading=\"lazy\" decoding=\"async\" class=\"alignnone size-full wp-image-869\" src=\"https:\/\/mint.jena.de\/wp-content\/uploads\/2025\/06\/Flyer-MINT-AG-5.png\" alt=\"\" width=\"1415\" height=\"2000\" srcset=\"https:\/\/mint.jena.de\/wp-content\/uploads\/2025\/06\/Flyer-MINT-AG-5.png 1415w, https:\/\/mint.jena.de\/wp-content\/uploads\/2025\/06\/Flyer-MINT-AG-5-212x300.png 212w, https:\/\/mint.jena.de\/wp-content\/uploads\/2025\/06\/Flyer-MINT-AG-5-724x1024.png 724w, https:\/\/mint.jena.de\/wp-content\/uploads\/2025\/06\/Flyer-MINT-AG-5-768x1086.png 768w, https:\/\/mint.jena.de\/wp-content\/uploads\/2025\/06\/Flyer-MINT-AG-5-1087x1536.png 1087w\" sizes=\"auto, (max-width: 1415px) 100vw, 1415px\" \/><\/p>\n<p><img loading=\"lazy\" decoding=\"async\" class=\"alignnone size-medium wp-image-688\" src=\"https:\/\/mint.jena.de\/wp-content\/uploads\/2024\/08\/MINT-AG-Fotos-Polaroid-1-e1722726558974-300x291.png\" alt=\"\" width=\"300\" height=\"291\" srcset=\"https:\/\/mint.jena.de\/wp-content\/uploads\/2024\/08\/MINT-AG-Fotos-Polaroid-1-e1722726558974-300x291.png 300w, https:\/\/mint.jena.de\/wp-content\/uploads\/2024\/08\/MINT-AG-Fotos-Polaroid-1-e1722726558974-1024x995.png 1024w, https:\/\/mint.jena.de\/wp-content\/uploads\/2024\/08\/MINT-AG-Fotos-Polaroid-1-e1722726558974-768x746.png 768w, https:\/\/mint.jena.de\/wp-content\/uploads\/2024\/08\/MINT-AG-Fotos-Polaroid-1-e1722726558974.png 1146w\" sizes=\"auto, (max-width: 300px) 100vw, 300px\" \/><\/p>\n<p><a href=\"https:\/\/mint.jena.de\/index.php\/mint-ags\/\">Melde dich jetzt an!<\/a>\u00a0<br \/><span style=\"color: #b2d36f;\">*<\/span> Wenn du die AG nicht live besuchen kannst, besteht die M\u00f6glichkeit einer online-Teilnahme. Du bekommst die Inhalte der AG per Mail zugesandt und wirst zu regelm\u00e4\u00dfigen Livetreffen vor Ort eingeladen (ca. 4 mal im Schuljahr).<\/p>\n","protected":false},"excerpt":{"rendered":"<p>Raketenflug und Planetenweg &#8230; MINT AG f\u00fcr Sch\u00fclerinnen und Sch\u00fcler der Klasse 5Leitung: Dr. Stefan V\u00f6lkerWann: Freitags, 13:15 &#8211; 14:00 UhrWo: Carl-Zeiss-Gymnasium Jena oder Teilnahme auch von zu Hause* m\u00f6glich Das erwartet dich: Wir besch\u00e4ftigen uns mit einer der \u00e4ltesten Naturwissenschaften, der Astronomie, also der Lehre von Sternen, Planeten, Monden, u. v. m. Los geht\u2019s &hellip; <a href=\"https:\/\/mint.jena.de\/index.php\/mint-ag-klasse-5\/\" class=\"more-link\"><span class=\"screen-reader-text\">MINT AG Klasse 5<\/span> weiterlesen<\/a><\/p>\n","protected":false},"author":5,"featured_media":1003,"parent":0,"menu_order":0,"comment_status":"closed","ping_status":"closed","template":"","meta":{"footnotes":""},"class_list":["post-962","page","type-page","status-publish","has-post-thumbnail","hentry"],"_links":{"self":[{"href":"https:\/\/mint.jena.de\/index.php\/wp-json\/wp\/v2\/pages\/962","targetHints":{"allow":["GET"]}}],"collection":[{"href":"https:\/\/mint.jena.de\/index.php\/wp-json\/wp\/v2\/pages"}],"about":[{"href":"https:\/\/mint.jena.de\/index.php\/wp-json\/wp\/v2\/types\/page"}],"author":[{"embeddable":true,"href":"https:\/\/mint.jena.de\/index.php\/wp-json\/wp\/v2\/users\/5"}],"replies":[{"embeddable":true,"href":"https:\/\/mint.jena.de\/index.php\/wp-json\/wp\/v2\/comments?post=962"}],"version-history":[{"count":5,"href":"https:\/\/mint.jena.de\/index.php\/wp-json\/wp\/v2\/pages\/962\/revisions"}],"predecessor-version":[{"id":1019,"href":"https:\/\/mint.jena.de\/index.php\/wp-json\/wp\/v2\/pages\/962\/revisions\/1019"}],"wp:featuredmedia":[{"embeddable":true,"href":"https:\/\/mint.jena.de\/index.php\/wp-json\/wp\/v2\/media\/1003"}],"wp:attachment":[{"href":"https:\/\/mint.jena.de\/index.php\/wp-json\/wp\/v2\/media?parent=962"}],"curies":[{"name":"wp","href":"https:\/\/api.w.org\/{rel}","templated":true}]}}

<h3><span style="color: #1a5b6e;"><strong>Raketenflug und Planetenweg &#8230;</strong></span></h3>
<p><span style="color: #1a5b6e;"><strong><br /></strong></span><strong>MINT AG für Schülerinnen und Schüler der Klasse 5</strong><br />Leitung: Dr. Stefan Völker<br />Wann: Freitags, 13:15 &#8211; 14:00 Uhr<br />Wo: Carl-Zeiss-Gymnasium Jena oder Teilnahme auch von zu Hause<span style="color: #b2d36f;">*</span> möglich<br /><br />Das erwartet dich:<img loading="lazy" decoding="async" class="alignright wp-image-683 size-medium" src="https://mint.jena.de/wp-content/uploads/2024/08/Rakete-2-e1722726211674-300x148.png" alt="" width="300" height="148" srcset="https://mint.jena.de/wp-content/uploads/2024/08/Rakete-2-e1722726211674-300x148.png 300w, https://mint.jena.de/wp-content/uploads/2024/08/Rakete-2-e1722726211674-1024x505.png 1024w, https://mint.jena.de/wp-content/uploads/2024/08/Rakete-2-e1722726211674-768x379.png 768w, https://mint.jena.de/wp-content/uploads/2024/08/Rakete-2-e1722726211674-1536x758.png 1536w, https://mint.jena.de/wp-content/uploads/2024/08/Rakete-2-e1722726211674.png 1573w" sizes="auto, (max-width: 300px) 100vw, 300px" /></p>
<ul>
<li>Wir beschäftigen uns mit einer der ältesten Naturwissenschaften, der <strong>Astronomie</strong>, also der Lehre von Sternen, Planeten, Monden, u. v. m.</li>
<li>Los geht’s aber mit Raumfahrt. Wir bauen verschiedene<strong> Raketen</strong>, lassen sie natürlich fliegen und finden heraus, warum sie abheben. <img loading="lazy" decoding="async" class="alignleft size-medium wp-image-686" src="https://mint.jena.de/wp-content/uploads/2024/08/Rakete-3-e1722726400754-209x300.png" alt="" width="209" height="300" srcset="https://mint.jena.de/wp-content/uploads/2024/08/Rakete-3-e1722726400754-209x300.png 209w, https://mint.jena.de/wp-content/uploads/2024/08/Rakete-3-e1722726400754-712x1024.png 712w, https://mint.jena.de/wp-content/uploads/2024/08/Rakete-3-e1722726400754-768x1104.png 768w, https://mint.jena.de/wp-content/uploads/2024/08/Rakete-3-e1722726400754.png 800w" sizes="auto, (max-width: 209px) 100vw, 209px" /></li>
<li>Wie groß ist eigentlich unser Sonnensystem? Wir bauen einen <strong>Planetenweg</strong> für die Schule.</li>
<li>Natürlich schauen wir auch ganz genau auf die Sterne. Welche <strong>Sternbilder</strong> kennt ihr? Wo und wann findet man sie am Himmel? Was verbirgt sich hinter Namen wie „Großer Bär“ oder „Bärenhüter“?</li>
<li>In der AG sollt ihr möglichst viel <strong>selbst</strong> <strong>machen</strong> und selbst herausfinden.</li>
<li>Nebenbei schnuppern wir in die Physik, die Chemie, die Mathematik, die …</li>
</ul>
<p><img loading="lazy" decoding="async" class="alignnone size-full wp-image-869" src="https://mint.jena.de/wp-content/uploads/2025/06/Flyer-MINT-AG-5.png" alt="" width="1415" height="2000" srcset="https://mint.jena.de/wp-content/uploads/2025/06/Flyer-MINT-AG-5.png 1415w, https://mint.jena.de/wp-content/uploads/2025/06/Flyer-MINT-AG-5-212x300.png 212w, https://mint.jena.de/wp-content/uploads/2025/06/Flyer-MINT-AG-5-724x1024.png 724w, https://mint.jena.de/wp-content/uploads/2025/06/Flyer-MINT-AG-5-768x1086.png 768w, https://mint.jena.de/wp-content/uploads/2025/06/Flyer-MINT-AG-5-1087x1536.png 1087w" sizes="auto, (max-width: 1415px) 100vw, 1415px" /></p>
<p><img loading="lazy" decoding="async" class="alignnone size-medium wp-image-688" src="https://mint.jena.de/wp-content/uploads/2024/08/MINT-AG-Fotos-Polaroid-1-e1722726558974-300x291.png" alt="" width="300" height="291" srcset="https://mint.jena.de/wp-content/uploads/2024/08/MINT-AG-Fotos-Polaroid-1-e1722726558974-300x291.png 300w, https://mint.jena.de/wp-content/uploads/2024/08/MINT-AG-Fotos-Polaroid-1-e1722726558974-1024x995.png 1024w, https://mint.jena.de/wp-content/uploads/2024/08/MINT-AG-Fotos-Polaroid-1-e1722726558974-768x746.png 768w, https://mint.jena.de/wp-content/uploads/2024/08/MINT-AG-Fotos-Polaroid-1-e1722726558974.png 1146w" sizes="auto, (max-width: 300px) 100vw, 300px" /></p>
<p><a href="https://mint.jena.de/index.php/mint-ags/">Melde dich jetzt an!</a> <br /><span style="color: #b2d36f;">*</span> Wenn du die AG nicht live besuchen kannst, besteht die Möglichkeit einer online-Teilnahme. Du bekommst die Inhalte der AG per Mail zugesandt und wirst zu regelmäßigen Livetreffen vor Ort eingeladen (ca. 4 mal im Schuljahr).</p>

<p>Raketenflug und Planetenweg &#8230; MINT AG für Schülerinnen und Schüler der Klasse 5Leitung: Dr. Stefan VölkerWann: Freitags, 13:15 &#8211; 14:00 UhrWo: Carl-Zeiss-Gymnasium Jena oder Teilnahme auch von zu Hause* möglich Das erwartet dich: Wir beschäftigen uns mit einer der ältesten Naturwissenschaften, der Astronomie, also der Lehre von Sternen, Planeten, Monden, u. v. m. Los geht’s &hellip; <a href="https://mint.jena.de/index.php/mint-ag-klasse-5/" class="more-link"><span class="screen-reader-text">MINT AG Klasse 5</span> weiterlesen</a></p>
