{"id":961,"date":"2025-07-30T15:34:19","date_gmt":"2025-07-30T13:34:19","guid":{"rendered":"https:\/\/mint.jena.de\/?page_id=961"},"modified":"2026-03-09T09:09:51","modified_gmt":"2026-03-09T08:09:51","slug":"mint-ag-klasse-6","status":"publish","type":"page","link":"https:\/\/mint.jena.de\/index.php\/mint-ag-klasse-6\/","title":{"rendered":"MINT AG Klasse 6"},"content":{"rendered":"\n<h4><span style=\"color: #339966;\"><span style=\"color: #ff6600;\">Derzeit leider keine Teilnahme mehr m\u00f6glich!<\/span><\/span><\/h4>\n<p><strong>MINT AG f\u00fcr Sch\u00fclerinnen und Sch\u00fcler der Klasse 6<\/strong><br \/>Leitung: Younes El Dsoki<br \/>Wann: Donnerstags, 14:05 \u2013 14:50 Uhr<br \/>Wo: Carl-Zeiss-Gymnasium Jena oder Teilnahme auch von zu Hause<span style=\"color: #993300;\">*<\/span>\u00a0m\u00f6glich.<\/p>\n<p><strong>Das erwartet dich:<\/strong><\/p>\n<ul>\n<li>spannende Experimente<\/li>\n<li>physikalische Knobelaufgaben (erste Wettbewerbsaufgaben)<\/li>\n<li>Technische Konstruktionsprojekte<\/li>\n<li>wissenschaftliches Arbeiten mit Messungen<\/li>\n<\/ul>\n<p><img loading=\"lazy\" decoding=\"async\" class=\"alignnone size-full wp-image-1047\" src=\"https:\/\/mint.jena.de\/wp-content\/uploads\/2025\/07\/Flyer-MINT-AGs-SJ-2025-2026-4.png\" alt=\"\" width=\"1414\" height=\"2000\" srcset=\"https:\/\/mint.jena.de\/wp-content\/uploads\/2025\/07\/Flyer-MINT-AGs-SJ-2025-2026-4.png 1414w, https:\/\/mint.jena.de\/wp-content\/uploads\/2025\/07\/Flyer-MINT-AGs-SJ-2025-2026-4-212x300.png 212w, https:\/\/mint.jena.de\/wp-content\/uploads\/2025\/07\/Flyer-MINT-AGs-SJ-2025-2026-4-724x1024.png 724w, https:\/\/mint.jena.de\/wp-content\/uploads\/2025\/07\/Flyer-MINT-AGs-SJ-2025-2026-4-768x1086.png 768w, https:\/\/mint.jena.de\/wp-content\/uploads\/2025\/07\/Flyer-MINT-AGs-SJ-2025-2026-4-1086x1536.png 1086w\" sizes=\"auto, (max-width: 1414px) 100vw, 1414px\" \/><\/p>\n<p><a href=\"https:\/\/mint.jena.de\/index.php\/mint-ags\/\">Melde dich jetzt an!<\/a><br \/><span style=\"color: #993300;\">*<\/span>Wenn du die AGs nicht live besuchen kannst, besteht die M\u00f6glichkeit einer online-Teilnahme. Du bekommst die Inhalte der AG per Mail zugesandt und kannst auch an Videokonferenzen oder Livetreffen teilnehmen. In jedem Fall erh\u00e4ltst du regelm\u00e4\u00dfig konstruktives und professionelles Feedback zu deinen Ergebnissen und L\u00f6sungsideen!<\/p>\n<p>\u00a0<\/p>\n","protected":false},"excerpt":{"rendered":"<p>Derzeit leider keine Teilnahme mehr m\u00f6glich! MINT AG f\u00fcr Sch\u00fclerinnen und Sch\u00fcler der Klasse 6Leitung: Younes El DsokiWann: Donnerstags, 14:05 \u2013 14:50 UhrWo: Carl-Zeiss-Gymnasium Jena oder Teilnahme auch von zu Hause*\u00a0m\u00f6glich. Das erwartet dich: spannende Experimente physikalische Knobelaufgaben (erste Wettbewerbsaufgaben) Technische Konstruktionsprojekte wissenschaftliches Arbeiten mit Messungen Melde dich jetzt an!*Wenn du die AGs nicht live &hellip; <a href=\"https:\/\/mint.jena.de\/index.php\/mint-ag-klasse-6\/\" class=\"more-link\"><span class=\"screen-reader-text\">MINT AG Klasse 6<\/span> weiterlesen<\/a><\/p>\n","protected":false},"author":5,"featured_media":1049,"parent":0,"menu_order":0,"comment_status":"closed","ping_status":"closed","template":"","meta":{"footnotes":""},"class_list":["post-961","page","type-page","status-publish","has-post-thumbnail","hentry"],"_links":{"self":[{"href":"https:\/\/mint.jena.de\/index.php\/wp-json\/wp\/v2\/pages\/961","targetHints":{"allow":["GET"]}}],"collection":[{"href":"https:\/\/mint.jena.de\/index.php\/wp-json\/wp\/v2\/pages"}],"about":[{"href":"https:\/\/mint.jena.de\/index.php\/wp-json\/wp\/v2\/types\/page"}],"author":[{"embeddable":true,"href":"https:\/\/mint.jena.de\/index.php\/wp-json\/wp\/v2\/users\/5"}],"replies":[{"embeddable":true,"href":"https:\/\/mint.jena.de\/index.php\/wp-json\/wp\/v2\/comments?post=961"}],"version-history":[{"count":5,"href":"https:\/\/mint.jena.de\/index.php\/wp-json\/wp\/v2\/pages\/961\/revisions"}],"predecessor-version":[{"id":1123,"href":"https:\/\/mint.jena.de\/index.php\/wp-json\/wp\/v2\/pages\/961\/revisions\/1123"}],"wp:featuredmedia":[{"embeddable":true,"href":"https:\/\/mint.jena.de\/index.php\/wp-json\/wp\/v2\/media\/1049"}],"wp:attachment":[{"href":"https:\/\/mint.jena.de\/index.php\/wp-json\/wp\/v2\/media?parent=961"}],"curies":[{"name":"wp","href":"https:\/\/api.w.org\/{rel}","templated":true}]}}

<h4><span style="color: #339966;"><span style="color: #ff6600;">Derzeit leider keine Teilnahme mehr möglich!</span></span></h4>
<p><strong>MINT AG für Schülerinnen und Schüler der Klasse 6</strong><br />Leitung: Younes El Dsoki<br />Wann: Donnerstags, 14:05 – 14:50 Uhr<br />Wo: Carl-Zeiss-Gymnasium Jena oder Teilnahme auch von zu Hause<span style="color: #993300;">*</span> möglich.</p>
<p><strong>Das erwartet dich:</strong></p>
<ul>
<li>spannende Experimente</li>
<li>physikalische Knobelaufgaben (erste Wettbewerbsaufgaben)</li>
<li>Technische Konstruktionsprojekte</li>
<li>wissenschaftliches Arbeiten mit Messungen</li>
</ul>
<p><img loading="lazy" decoding="async" class="alignnone size-full wp-image-1047" src="https://mint.jena.de/wp-content/uploads/2025/07/Flyer-MINT-AGs-SJ-2025-2026-4.png" alt="" width="1414" height="2000" srcset="https://mint.jena.de/wp-content/uploads/2025/07/Flyer-MINT-AGs-SJ-2025-2026-4.png 1414w, https://mint.jena.de/wp-content/uploads/2025/07/Flyer-MINT-AGs-SJ-2025-2026-4-212x300.png 212w, https://mint.jena.de/wp-content/uploads/2025/07/Flyer-MINT-AGs-SJ-2025-2026-4-724x1024.png 724w, https://mint.jena.de/wp-content/uploads/2025/07/Flyer-MINT-AGs-SJ-2025-2026-4-768x1086.png 768w, https://mint.jena.de/wp-content/uploads/2025/07/Flyer-MINT-AGs-SJ-2025-2026-4-1086x1536.png 1086w" sizes="auto, (max-width: 1414px) 100vw, 1414px" /></p>
<p><a href="https://mint.jena.de/index.php/mint-ags/">Melde dich jetzt an!</a><br /><span style="color: #993300;">*</span>Wenn du die AGs nicht live besuchen kannst, besteht die Möglichkeit einer online-Teilnahme. Du bekommst die Inhalte der AG per Mail zugesandt und kannst auch an Videokonferenzen oder Livetreffen teilnehmen. In jedem Fall erhältst du regelmäßig konstruktives und professionelles Feedback zu deinen Ergebnissen und Lösungsideen!</p>
<p> </p>

<p>Derzeit leider keine Teilnahme mehr möglich! MINT AG für Schülerinnen und Schüler der Klasse 6Leitung: Younes El DsokiWann: Donnerstags, 14:05 – 14:50 UhrWo: Carl-Zeiss-Gymnasium Jena oder Teilnahme auch von zu Hause* möglich. Das erwartet dich: spannende Experimente physikalische Knobelaufgaben (erste Wettbewerbsaufgaben) Technische Konstruktionsprojekte wissenschaftliches Arbeiten mit Messungen Melde dich jetzt an!*Wenn du die AGs nicht live &hellip; <a href="https://mint.jena.de/index.php/mint-ag-klasse-6/" class="more-link"><span class="screen-reader-text">MINT AG Klasse 6</span> weiterlesen</a></p>
