{"id":960,"date":"2025-07-30T15:34:19","date_gmt":"2025-07-30T13:34:19","guid":{"rendered":"https:\/\/mint.jena.de\/?page_id=960"},"modified":"2025-07-30T16:44:18","modified_gmt":"2025-07-30T14:44:18","slug":"mathematik-klasse-6","status":"publish","type":"page","link":"https:\/\/mint.jena.de\/index.php\/mathematik-klasse-6\/","title":{"rendered":"Mathematik Klasse 6"},"content":{"rendered":"\n<h3><span style=\"color: #e15c63;\">Lass uns gemeinsam die Welt der Mathematik entdecken!<\/span><\/h3>\n<p><img loading=\"lazy\" decoding=\"async\" class=\"alignright wp-image-697\" src=\"https:\/\/mint.jena.de\/wp-content\/uploads\/2024\/08\/Kopie-von-Kopie-von-Puzzle-Brain-Idea-Creative-Logo-Template-Social-Media-A4-Querformat.zip-6-e1722728193274-300x298.png\" alt=\"\" width=\"220\" height=\"219\" srcset=\"https:\/\/mint.jena.de\/wp-content\/uploads\/2024\/08\/Kopie-von-Kopie-von-Puzzle-Brain-Idea-Creative-Logo-Template-Social-Media-A4-Querformat.zip-6-e1722728193274-300x298.png 300w, https:\/\/mint.jena.de\/wp-content\/uploads\/2024\/08\/Kopie-von-Kopie-von-Puzzle-Brain-Idea-Creative-Logo-Template-Social-Media-A4-Querformat.zip-6-e1722728193274-150x150.png 150w, https:\/\/mint.jena.de\/wp-content\/uploads\/2024\/08\/Kopie-von-Kopie-von-Puzzle-Brain-Idea-Creative-Logo-Template-Social-Media-A4-Querformat.zip-6-e1722728193274.png 620w\" sizes=\"auto, (max-width: 220px) 100vw, 220px\" \/><br><strong>Mathematik AG f\u00fcr Sch\u00fclerinnen und Sch\u00fcler der Klasse 6<\/strong><br>Leitung: Dr. Annett Fiedler<br>Wann: Donnerstags, 14:05 &#8211; 14:50 Uhr<br>Wo: Carl-Zeiss-Gymnasium Jena oder Teilnahme auch von zu Hause<span style=\"color: #1a5b6e;\">*<\/span> m\u00f6glich<\/p>\n<p>Das erwartet dich:<img loading=\"lazy\" decoding=\"async\" class=\"alignleft wp-image-698 size-medium\" src=\"https:\/\/mint.jena.de\/wp-content\/uploads\/2024\/08\/Kopie-von-Kopie-von-Puzzle-Brain-Idea-Creative-Logo-Template-Social-Media-A4-Querformat.zip-4-e1722728278438-300x195.png\" alt=\"\" width=\"300\" height=\"195\" srcset=\"https:\/\/mint.jena.de\/wp-content\/uploads\/2024\/08\/Kopie-von-Kopie-von-Puzzle-Brain-Idea-Creative-Logo-Template-Social-Media-A4-Querformat.zip-4-e1722728278438-300x195.png 300w, https:\/\/mint.jena.de\/wp-content\/uploads\/2024\/08\/Kopie-von-Kopie-von-Puzzle-Brain-Idea-Creative-Logo-Template-Social-Media-A4-Querformat.zip-4-e1722728278438-768x500.png 768w, https:\/\/mint.jena.de\/wp-content\/uploads\/2024\/08\/Kopie-von-Kopie-von-Puzzle-Brain-Idea-Creative-Logo-Template-Social-Media-A4-Querformat.zip-4-e1722728278438.png 860w\" sizes=\"auto, (max-width: 300px) 100vw, 300px\" \/><\/p>\n<ul>\n<li>Spannende Mathe-R\u00e4tsel und Herausforderungen<\/li>\n<li>F\u00f6rderung deiner kreativen Denkf\u00e4higkeiten&nbsp;<\/li>\n<li>Umgang mit mathematischer Symbolik<\/li>\n<li><span style=\"font-size: revert;\">\u00dcbungen zum Begr\u00fcnden und Beweisen<\/span><\/li>\n<li>Trainieren der Kunst des Aufschreibens von L\u00f6sungswegen<\/li>\n<li>Vorbereitung auf Mathematikwettbewerbe<img loading=\"lazy\" decoding=\"async\" class=\"alignright size-medium wp-image-699\" src=\"https:\/\/mint.jena.de\/wp-content\/uploads\/2024\/08\/Kopie-von-Kopie-von-Puzzle-Brain-Idea-Creative-Logo-Template-Social-Media-A4-Querformat.zip-5-e1722728539326-300x252.png\" alt=\"\" width=\"300\" height=\"252\" srcset=\"https:\/\/mint.jena.de\/wp-content\/uploads\/2024\/08\/Kopie-von-Kopie-von-Puzzle-Brain-Idea-Creative-Logo-Template-Social-Media-A4-Querformat.zip-5-e1722728539326-300x252.png 300w, https:\/\/mint.jena.de\/wp-content\/uploads\/2024\/08\/Kopie-von-Kopie-von-Puzzle-Brain-Idea-Creative-Logo-Template-Social-Media-A4-Querformat.zip-5-e1722728539326-1024x861.png 1024w, https:\/\/mint.jena.de\/wp-content\/uploads\/2024\/08\/Kopie-von-Kopie-von-Puzzle-Brain-Idea-Creative-Logo-Template-Social-Media-A4-Querformat.zip-5-e1722728539326-768x646.png 768w, https:\/\/mint.jena.de\/wp-content\/uploads\/2024\/08\/Kopie-von-Kopie-von-Puzzle-Brain-Idea-Creative-Logo-Template-Social-Media-A4-Querformat.zip-5-e1722728539326.png 1193w\" sizes=\"auto, (max-width: 300px) 100vw, 300px\" \/><\/li>\n<li>Austausch mit Gleichgesinnten<\/li>\n<\/ul>\n<p><strong>Das k\u00f6nnte dein Gewinn sein:<\/strong><\/p>\n<ul>\n<li>Wissenszuwachs durch individuelle F\u00f6rderung<\/li>\n<li>Verbesserung der Probleml\u00f6sef\u00e4higkeiten<\/li>\n<\/ul>\n<p>&nbsp;<\/p>\n\n\n\n<p><img loading=\"lazy\" decoding=\"async\" class=\"alignnone size-full wp-image-1026\" src=\"https:\/\/mint.jena.de\/wp-content\/uploads\/2025\/07\/Meins-MINT-AGs-SJ-2025-2026-5.png\" alt=\"\" width=\"1414\" height=\"2000\" srcset=\"https:\/\/mint.jena.de\/wp-content\/uploads\/2025\/07\/Meins-MINT-AGs-SJ-2025-2026-5.png 1414w, https:\/\/mint.jena.de\/wp-content\/uploads\/2025\/07\/Meins-MINT-AGs-SJ-2025-2026-5-212x300.png 212w, https:\/\/mint.jena.de\/wp-content\/uploads\/2025\/07\/Meins-MINT-AGs-SJ-2025-2026-5-724x1024.png 724w, https:\/\/mint.jena.de\/wp-content\/uploads\/2025\/07\/Meins-MINT-AGs-SJ-2025-2026-5-768x1086.png 768w, https:\/\/mint.jena.de\/wp-content\/uploads\/2025\/07\/Meins-MINT-AGs-SJ-2025-2026-5-1086x1536.png 1086w\" sizes=\"auto, (max-width: 1414px) 100vw, 1414px\" \/><\/p>\n<p><a href=\"https:\/\/mint.jena.de\/index.php\/mint-ags\/\">Melde dich jetzt an!<\/a><br \/>*Wenn du die AGs nicht live besuchen kannst, besteht die M\u00f6glichkeit einer online-Teilnahme. Du bekommst die Inhalte der AG per Mail zugesandt und kannst auch an Videokonferenzen oder Livetreffen teilnehmen. In jedem Fall erh\u00e4ltst du regelm\u00e4\u00dfig konstruktives und professionelles Feedback zu deinen Ergebnissen und L\u00f6sungsideen!<\/p>\n<p>\u00a0<\/p>\n","protected":false},"excerpt":{"rendered":"<p>Lass uns gemeinsam die Welt der Mathematik entdecken! Mathematik AG f\u00fcr Sch\u00fclerinnen und Sch\u00fcler der Klasse 6Leitung: Dr. Annett FiedlerWann: Donnerstags, 14:05 &#8211; 14:50 UhrWo: Carl-Zeiss-Gymnasium Jena oder Teilnahme auch von zu Hause* m\u00f6glich Das erwartet dich: Spannende Mathe-R\u00e4tsel und Herausforderungen F\u00f6rderung deiner kreativen Denkf\u00e4higkeiten&nbsp; Umgang mit mathematischer Symbolik \u00dcbungen zum Begr\u00fcnden und Beweisen Trainieren &hellip; <a href=\"https:\/\/mint.jena.de\/index.php\/mathematik-klasse-6\/\" class=\"more-link\"><span class=\"screen-reader-text\">Mathematik Klasse 6<\/span> weiterlesen<\/a><\/p>\n","protected":false},"author":5,"featured_media":1027,"parent":0,"menu_order":0,"comment_status":"closed","ping_status":"closed","template":"","meta":{"footnotes":""},"class_list":["post-960","page","type-page","status-publish","has-post-thumbnail","hentry"],"_links":{"self":[{"href":"https:\/\/mint.jena.de\/index.php\/wp-json\/wp\/v2\/pages\/960","targetHints":{"allow":["GET"]}}],"collection":[{"href":"https:\/\/mint.jena.de\/index.php\/wp-json\/wp\/v2\/pages"}],"about":[{"href":"https:\/\/mint.jena.de\/index.php\/wp-json\/wp\/v2\/types\/page"}],"author":[{"embeddable":true,"href":"https:\/\/mint.jena.de\/index.php\/wp-json\/wp\/v2\/users\/5"}],"replies":[{"embeddable":true,"href":"https:\/\/mint.jena.de\/index.php\/wp-json\/wp\/v2\/comments?post=960"}],"version-history":[{"count":4,"href":"https:\/\/mint.jena.de\/index.php\/wp-json\/wp\/v2\/pages\/960\/revisions"}],"predecessor-version":[{"id":1031,"href":"https:\/\/mint.jena.de\/index.php\/wp-json\/wp\/v2\/pages\/960\/revisions\/1031"}],"wp:featuredmedia":[{"embeddable":true,"href":"https:\/\/mint.jena.de\/index.php\/wp-json\/wp\/v2\/media\/1027"}],"wp:attachment":[{"href":"https:\/\/mint.jena.de\/index.php\/wp-json\/wp\/v2\/media?parent=960"}],"curies":[{"name":"wp","href":"https:\/\/api.w.org\/{rel}","templated":true}]}}

<h3><span style="color: #e15c63;">Lass uns gemeinsam die Welt der Mathematik entdecken!</span></h3>
<p><img loading="lazy" decoding="async" class="alignright wp-image-697" src="https://mint.jena.de/wp-content/uploads/2024/08/Kopie-von-Kopie-von-Puzzle-Brain-Idea-Creative-Logo-Template-Social-Media-A4-Querformat.zip-6-e1722728193274-300x298.png" alt="" width="220" height="219" srcset="https://mint.jena.de/wp-content/uploads/2024/08/Kopie-von-Kopie-von-Puzzle-Brain-Idea-Creative-Logo-Template-Social-Media-A4-Querformat.zip-6-e1722728193274-300x298.png 300w, https://mint.jena.de/wp-content/uploads/2024/08/Kopie-von-Kopie-von-Puzzle-Brain-Idea-Creative-Logo-Template-Social-Media-A4-Querformat.zip-6-e1722728193274-150x150.png 150w, https://mint.jena.de/wp-content/uploads/2024/08/Kopie-von-Kopie-von-Puzzle-Brain-Idea-Creative-Logo-Template-Social-Media-A4-Querformat.zip-6-e1722728193274.png 620w" sizes="auto, (max-width: 220px) 100vw, 220px" /><br><strong>Mathematik AG für Schülerinnen und Schüler der Klasse 6</strong><br>Leitung: Dr. Annett Fiedler<br>Wann: Donnerstags, 14:05 &#8211; 14:50 Uhr<br>Wo: Carl-Zeiss-Gymnasium Jena oder Teilnahme auch von zu Hause<span style="color: #1a5b6e;">*</span> möglich</p>
<p>Das erwartet dich:<img loading="lazy" decoding="async" class="alignleft wp-image-698 size-medium" src="https://mint.jena.de/wp-content/uploads/2024/08/Kopie-von-Kopie-von-Puzzle-Brain-Idea-Creative-Logo-Template-Social-Media-A4-Querformat.zip-4-e1722728278438-300x195.png" alt="" width="300" height="195" srcset="https://mint.jena.de/wp-content/uploads/2024/08/Kopie-von-Kopie-von-Puzzle-Brain-Idea-Creative-Logo-Template-Social-Media-A4-Querformat.zip-4-e1722728278438-300x195.png 300w, https://mint.jena.de/wp-content/uploads/2024/08/Kopie-von-Kopie-von-Puzzle-Brain-Idea-Creative-Logo-Template-Social-Media-A4-Querformat.zip-4-e1722728278438-768x500.png 768w, https://mint.jena.de/wp-content/uploads/2024/08/Kopie-von-Kopie-von-Puzzle-Brain-Idea-Creative-Logo-Template-Social-Media-A4-Querformat.zip-4-e1722728278438.png 860w" sizes="auto, (max-width: 300px) 100vw, 300px" /></p>
<ul>
<li>Spannende Mathe-Rätsel und Herausforderungen</li>
<li>Förderung deiner kreativen Denkfähigkeiten&nbsp;</li>
<li>Umgang mit mathematischer Symbolik</li>
<li><span style="font-size: revert;">Übungen zum Begründen und Beweisen</span></li>
<li>Trainieren der Kunst des Aufschreibens von Lösungswegen</li>
<li>Vorbereitung auf Mathematikwettbewerbe<img loading="lazy" decoding="async" class="alignright size-medium wp-image-699" src="https://mint.jena.de/wp-content/uploads/2024/08/Kopie-von-Kopie-von-Puzzle-Brain-Idea-Creative-Logo-Template-Social-Media-A4-Querformat.zip-5-e1722728539326-300x252.png" alt="" width="300" height="252" srcset="https://mint.jena.de/wp-content/uploads/2024/08/Kopie-von-Kopie-von-Puzzle-Brain-Idea-Creative-Logo-Template-Social-Media-A4-Querformat.zip-5-e1722728539326-300x252.png 300w, https://mint.jena.de/wp-content/uploads/2024/08/Kopie-von-Kopie-von-Puzzle-Brain-Idea-Creative-Logo-Template-Social-Media-A4-Querformat.zip-5-e1722728539326-1024x861.png 1024w, https://mint.jena.de/wp-content/uploads/2024/08/Kopie-von-Kopie-von-Puzzle-Brain-Idea-Creative-Logo-Template-Social-Media-A4-Querformat.zip-5-e1722728539326-768x646.png 768w, https://mint.jena.de/wp-content/uploads/2024/08/Kopie-von-Kopie-von-Puzzle-Brain-Idea-Creative-Logo-Template-Social-Media-A4-Querformat.zip-5-e1722728539326.png 1193w" sizes="auto, (max-width: 300px) 100vw, 300px" /></li>
<li>Austausch mit Gleichgesinnten</li>
</ul>
<p><strong>Das könnte dein Gewinn sein:</strong></p>
<ul>
<li>Wissenszuwachs durch individuelle Förderung</li>
<li>Verbesserung der Problemlösefähigkeiten</li>
</ul>
<p>&nbsp;</p>



<p><img loading="lazy" decoding="async" class="alignnone size-full wp-image-1026" src="https://mint.jena.de/wp-content/uploads/2025/07/Meins-MINT-AGs-SJ-2025-2026-5.png" alt="" width="1414" height="2000" srcset="https://mint.jena.de/wp-content/uploads/2025/07/Meins-MINT-AGs-SJ-2025-2026-5.png 1414w, https://mint.jena.de/wp-content/uploads/2025/07/Meins-MINT-AGs-SJ-2025-2026-5-212x300.png 212w, https://mint.jena.de/wp-content/uploads/2025/07/Meins-MINT-AGs-SJ-2025-2026-5-724x1024.png 724w, https://mint.jena.de/wp-content/uploads/2025/07/Meins-MINT-AGs-SJ-2025-2026-5-768x1086.png 768w, https://mint.jena.de/wp-content/uploads/2025/07/Meins-MINT-AGs-SJ-2025-2026-5-1086x1536.png 1086w" sizes="auto, (max-width: 1414px) 100vw, 1414px" /></p>
<p><a href="https://mint.jena.de/index.php/mint-ags/">Melde dich jetzt an!</a><br />*Wenn du die AGs nicht live besuchen kannst, besteht die Möglichkeit einer online-Teilnahme. Du bekommst die Inhalte der AG per Mail zugesandt und kannst auch an Videokonferenzen oder Livetreffen teilnehmen. In jedem Fall erhältst du regelmäßig konstruktives und professionelles Feedback zu deinen Ergebnissen und Lösungsideen!</p>
<p> </p>

<p>Lass uns gemeinsam die Welt der Mathematik entdecken! Mathematik AG für Schülerinnen und Schüler der Klasse 6Leitung: Dr. Annett FiedlerWann: Donnerstags, 14:05 &#8211; 14:50 UhrWo: Carl-Zeiss-Gymnasium Jena oder Teilnahme auch von zu Hause* möglich Das erwartet dich: Spannende Mathe-Rätsel und Herausforderungen Förderung deiner kreativen Denkfähigkeiten&nbsp; Umgang mit mathematischer Symbolik Übungen zum Begründen und Beweisen Trainieren &hellip; <a href="https://mint.jena.de/index.php/mathematik-klasse-6/" class="more-link"><span class="screen-reader-text">Mathematik Klasse 6</span> weiterlesen</a></p>
