{"id":952,"date":"2025-07-30T15:24:16","date_gmt":"2025-07-30T13:24:16","guid":{"rendered":"https:\/\/mint.jena.de\/?page_id=952"},"modified":"2025-08-03T13:03:10","modified_gmt":"2025-08-03T11:03:10","slug":"informatik-klasse-6","status":"publish","type":"page","link":"https:\/\/mint.jena.de\/index.php\/informatik-klasse-6\/","title":{"rendered":"Informatik Klasse 6"},"content":{"rendered":"\n<h3><span style=\"color: #0b8469;\">B\u00e4ume und W\u00e4lder gibt&#8217;s auch in der Informatik<\/span><\/h3>\n<p><strong>Informatik AG f\u00fcr Sch\u00fclerinnen und Sch\u00fcler der Klasse 6<\/strong><br \/>Leitung: Dr. J\u00f6rg Bader\u00a0<br \/>Wann: Freitags, 14:05 &#8211; 14:50 Uhr<br \/>Wo: Carl-Zeiss-Gymnasium Jena oder Teilnahme auch von zu Hause<span style=\"color: #0b8469;\">*<\/span> m\u00f6glich.<\/p>\n<p><img loading=\"lazy\" decoding=\"async\" class=\"alignnone wp-image-880 size-large\" src=\"https:\/\/mint.jena.de\/wp-content\/uploads\/2025\/06\/Flyer-Informatik-AG-6-724x1024.png\" alt=\"\" width=\"660\" height=\"933\" srcset=\"https:\/\/mint.jena.de\/wp-content\/uploads\/2025\/06\/Flyer-Informatik-AG-6-724x1024.png 724w, https:\/\/mint.jena.de\/wp-content\/uploads\/2025\/06\/Flyer-Informatik-AG-6-212x300.png 212w, https:\/\/mint.jena.de\/wp-content\/uploads\/2025\/06\/Flyer-Informatik-AG-6-768x1086.png 768w, https:\/\/mint.jena.de\/wp-content\/uploads\/2025\/06\/Flyer-Informatik-AG-6-1087x1536.png 1087w, https:\/\/mint.jena.de\/wp-content\/uploads\/2025\/06\/Flyer-Informatik-AG-6.png 1415w\" sizes=\"auto, (max-width: 660px) 100vw, 660px\" \/><\/p>\n<p><img loading=\"lazy\" decoding=\"async\" class=\"alignnone size-medium wp-image-727\" src=\"https:\/\/mint.jena.de\/wp-content\/uploads\/2024\/08\/MINT-AG-Fotos-Polaroid-2-e1722788591994-300x289.png\" alt=\"\" width=\"300\" height=\"289\" srcset=\"https:\/\/mint.jena.de\/wp-content\/uploads\/2024\/08\/MINT-AG-Fotos-Polaroid-2-e1722788591994-300x289.png 300w, https:\/\/mint.jena.de\/wp-content\/uploads\/2024\/08\/MINT-AG-Fotos-Polaroid-2-e1722788591994-1024x988.png 1024w, https:\/\/mint.jena.de\/wp-content\/uploads\/2024\/08\/MINT-AG-Fotos-Polaroid-2-e1722788591994-768x741.png 768w, https:\/\/mint.jena.de\/wp-content\/uploads\/2024\/08\/MINT-AG-Fotos-Polaroid-2-e1722788591994.png 1140w\" sizes=\"auto, (max-width: 300px) 100vw, 300px\" \/><\/p>\n<p><a href=\"https:\/\/mint.jena.de\/index.php\/mint-ags\/\">Melde dich jetzt an!<\/a><br \/><span style=\"color: #b2d36f;\">*<\/span>Wenn du die AGs nicht live besuchen kannst, besteht die M\u00f6glichkeit einer online-Teilnahme. Du bekommst die Inhalte der AG per Mail zugesandt und kannst auch an Videokonferenzen oder Livetreffen teilnehmen. In jedem Fall erh\u00e4ltst du regelm\u00e4\u00dfig konstruktives und professionelles Feedback zu deinen Ergebnissen und L\u00f6sungsideen!<\/p>\n","protected":false},"excerpt":{"rendered":"<p>B\u00e4ume und W\u00e4lder gibt&#8217;s auch in der Informatik Informatik AG f\u00fcr Sch\u00fclerinnen und Sch\u00fcler der Klasse 6Leitung: Dr. J\u00f6rg Bader\u00a0Wann: Freitags, 14:05 &#8211; 14:50 UhrWo: Carl-Zeiss-Gymnasium Jena oder Teilnahme auch von zu Hause* m\u00f6glich. Melde dich jetzt an!*Wenn du die AGs nicht live besuchen kannst, besteht die M\u00f6glichkeit einer online-Teilnahme. Du bekommst die Inhalte der &hellip; <a href=\"https:\/\/mint.jena.de\/index.php\/informatik-klasse-6\/\" class=\"more-link\"><span class=\"screen-reader-text\">Informatik Klasse 6<\/span> weiterlesen<\/a><\/p>\n","protected":false},"author":5,"featured_media":1006,"parent":0,"menu_order":0,"comment_status":"closed","ping_status":"closed","template":"","meta":{"footnotes":""},"class_list":["post-952","page","type-page","status-publish","has-post-thumbnail","hentry"],"_links":{"self":[{"href":"https:\/\/mint.jena.de\/index.php\/wp-json\/wp\/v2\/pages\/952","targetHints":{"allow":["GET"]}}],"collection":[{"href":"https:\/\/mint.jena.de\/index.php\/wp-json\/wp\/v2\/pages"}],"about":[{"href":"https:\/\/mint.jena.de\/index.php\/wp-json\/wp\/v2\/types\/page"}],"author":[{"embeddable":true,"href":"https:\/\/mint.jena.de\/index.php\/wp-json\/wp\/v2\/users\/5"}],"replies":[{"embeddable":true,"href":"https:\/\/mint.jena.de\/index.php\/wp-json\/wp\/v2\/comments?post=952"}],"version-history":[{"count":6,"href":"https:\/\/mint.jena.de\/index.php\/wp-json\/wp\/v2\/pages\/952\/revisions"}],"predecessor-version":[{"id":1053,"href":"https:\/\/mint.jena.de\/index.php\/wp-json\/wp\/v2\/pages\/952\/revisions\/1053"}],"wp:featuredmedia":[{"embeddable":true,"href":"https:\/\/mint.jena.de\/index.php\/wp-json\/wp\/v2\/media\/1006"}],"wp:attachment":[{"href":"https:\/\/mint.jena.de\/index.php\/wp-json\/wp\/v2\/media?parent=952"}],"curies":[{"name":"wp","href":"https:\/\/api.w.org\/{rel}","templated":true}]}}

<h3><span style="color: #0b8469;">Bäume und Wälder gibt&#8217;s auch in der Informatik</span></h3>
<p><strong>Informatik AG für Schülerinnen und Schüler der Klasse 6</strong><br />Leitung: Dr. Jörg Bader <br />Wann: Freitags, 14:05 &#8211; 14:50 Uhr<br />Wo: Carl-Zeiss-Gymnasium Jena oder Teilnahme auch von zu Hause<span style="color: #0b8469;">*</span> möglich.</p>
<p><img loading="lazy" decoding="async" class="alignnone wp-image-880 size-large" src="https://mint.jena.de/wp-content/uploads/2025/06/Flyer-Informatik-AG-6-724x1024.png" alt="" width="660" height="933" srcset="https://mint.jena.de/wp-content/uploads/2025/06/Flyer-Informatik-AG-6-724x1024.png 724w, https://mint.jena.de/wp-content/uploads/2025/06/Flyer-Informatik-AG-6-212x300.png 212w, https://mint.jena.de/wp-content/uploads/2025/06/Flyer-Informatik-AG-6-768x1086.png 768w, https://mint.jena.de/wp-content/uploads/2025/06/Flyer-Informatik-AG-6-1087x1536.png 1087w, https://mint.jena.de/wp-content/uploads/2025/06/Flyer-Informatik-AG-6.png 1415w" sizes="auto, (max-width: 660px) 100vw, 660px" /></p>
<p><img loading="lazy" decoding="async" class="alignnone size-medium wp-image-727" src="https://mint.jena.de/wp-content/uploads/2024/08/MINT-AG-Fotos-Polaroid-2-e1722788591994-300x289.png" alt="" width="300" height="289" srcset="https://mint.jena.de/wp-content/uploads/2024/08/MINT-AG-Fotos-Polaroid-2-e1722788591994-300x289.png 300w, https://mint.jena.de/wp-content/uploads/2024/08/MINT-AG-Fotos-Polaroid-2-e1722788591994-1024x988.png 1024w, https://mint.jena.de/wp-content/uploads/2024/08/MINT-AG-Fotos-Polaroid-2-e1722788591994-768x741.png 768w, https://mint.jena.de/wp-content/uploads/2024/08/MINT-AG-Fotos-Polaroid-2-e1722788591994.png 1140w" sizes="auto, (max-width: 300px) 100vw, 300px" /></p>
<p><a href="https://mint.jena.de/index.php/mint-ags/">Melde dich jetzt an!</a><br /><span style="color: #b2d36f;">*</span>Wenn du die AGs nicht live besuchen kannst, besteht die Möglichkeit einer online-Teilnahme. Du bekommst die Inhalte der AG per Mail zugesandt und kannst auch an Videokonferenzen oder Livetreffen teilnehmen. In jedem Fall erhältst du regelmäßig konstruktives und professionelles Feedback zu deinen Ergebnissen und Lösungsideen!</p>

<p>Bäume und Wälder gibt&#8217;s auch in der Informatik Informatik AG für Schülerinnen und Schüler der Klasse 6Leitung: Dr. Jörg Bader Wann: Freitags, 14:05 &#8211; 14:50 UhrWo: Carl-Zeiss-Gymnasium Jena oder Teilnahme auch von zu Hause* möglich. Melde dich jetzt an!*Wenn du die AGs nicht live besuchen kannst, besteht die Möglichkeit einer online-Teilnahme. Du bekommst die Inhalte der &hellip; <a href="https://mint.jena.de/index.php/informatik-klasse-6/" class="more-link"><span class="screen-reader-text">Informatik Klasse 6</span> weiterlesen</a></p>
