{"id":915,"date":"2025-07-30T14:55:00","date_gmt":"2025-07-30T12:55:00","guid":{"rendered":"https:\/\/mint.jena.de\/?page_id=915"},"modified":"2025-07-30T15:08:34","modified_gmt":"2025-07-30T13:08:34","slug":"physik-klasse-8","status":"publish","type":"page","link":"https:\/\/mint.jena.de\/index.php\/physik-klasse-8\/","title":{"rendered":"Physik Klasse 8"},"content":{"rendered":"\n<h3><span style=\"color: #0b8469;\">Fernes ganz nah!<\/span><\/h3>\n<p><strong>Physik AG f\u00fcr Sch\u00fclerinnen und Sch\u00fcler der Klasse 8<\/strong><br \/>Leitung: Dr. Stefan V\u00f6lker<br \/>Wann: Montags, 11:35 &#8211; 12:20 Uhr<br \/>Wo: Carl-Zeiss-Gymnasium Jena oder Teilnahme auch von zu Hause<span style=\"color: #b2d36f;\">*<\/span> m\u00f6glich<\/p>\n<p><img loading=\"lazy\" decoding=\"async\" class=\"alignnone size-large wp-image-907\" src=\"https:\/\/mint.jena.de\/wp-content\/uploads\/2025\/07\/Flyer-woU-8-Physik-2025-2026-724x1024.png\" alt=\"\" width=\"660\" height=\"933\" srcset=\"https:\/\/mint.jena.de\/wp-content\/uploads\/2025\/07\/Flyer-woU-8-Physik-2025-2026-724x1024.png 724w, https:\/\/mint.jena.de\/wp-content\/uploads\/2025\/07\/Flyer-woU-8-Physik-2025-2026-212x300.png 212w, https:\/\/mint.jena.de\/wp-content\/uploads\/2025\/07\/Flyer-woU-8-Physik-2025-2026-768x1086.png 768w, https:\/\/mint.jena.de\/wp-content\/uploads\/2025\/07\/Flyer-woU-8-Physik-2025-2026-1086x1536.png 1086w, https:\/\/mint.jena.de\/wp-content\/uploads\/2025\/07\/Flyer-woU-8-Physik-2025-2026-1448x2048.png 1448w, https:\/\/mint.jena.de\/wp-content\/uploads\/2025\/07\/Flyer-woU-8-Physik-2025-2026.png 1654w\" sizes=\"auto, (max-width: 660px) 100vw, 660px\" \/><\/p>\n<p><a href=\"https:\/\/mint.jena.de\/index.php\/mint-ags\/\">Melde dich jetzt an!<\/a><br \/><span style=\"color: #b2d36f;\">*<\/span>Wenn du die AG nicht live besuchen kannst, besteht die M\u00f6glichkeit einer online-Teilnahme. Du bekommst die Inhalte der AG per Mail zugesandt und kannst auch an Videokonferenzen teilnehmen.\u00a0<\/p>\n<p><img loading=\"lazy\" decoding=\"async\" class=\"alignnone size-medium wp-image-688\" src=\"https:\/\/mint.jena.de\/wp-content\/uploads\/2024\/08\/MINT-AG-Fotos-Polaroid-1-e1722726558974-300x291.png\" alt=\"\" width=\"300\" height=\"291\" srcset=\"https:\/\/mint.jena.de\/wp-content\/uploads\/2024\/08\/MINT-AG-Fotos-Polaroid-1-e1722726558974-300x291.png 300w, https:\/\/mint.jena.de\/wp-content\/uploads\/2024\/08\/MINT-AG-Fotos-Polaroid-1-e1722726558974-1024x995.png 1024w, https:\/\/mint.jena.de\/wp-content\/uploads\/2024\/08\/MINT-AG-Fotos-Polaroid-1-e1722726558974-768x746.png 768w, https:\/\/mint.jena.de\/wp-content\/uploads\/2024\/08\/MINT-AG-Fotos-Polaroid-1-e1722726558974.png 1146w\" sizes=\"auto, (max-width: 300px) 100vw, 300px\" \/><\/p>\n<p>\u00a0<\/p>\n","protected":false},"excerpt":{"rendered":"<p>Fernes ganz nah! Physik AG f\u00fcr Sch\u00fclerinnen und Sch\u00fcler der Klasse 8Leitung: Dr. Stefan V\u00f6lkerWann: Montags, 11:35 &#8211; 12:20 UhrWo: Carl-Zeiss-Gymnasium Jena oder Teilnahme auch von zu Hause* m\u00f6glich Melde dich jetzt an!*Wenn du die AG nicht live besuchen kannst, besteht die M\u00f6glichkeit einer online-Teilnahme. Du bekommst die Inhalte der AG per Mail zugesandt und &hellip; <a href=\"https:\/\/mint.jena.de\/index.php\/physik-klasse-8\/\" class=\"more-link\"><span class=\"screen-reader-text\">Physik Klasse 8<\/span> weiterlesen<\/a><\/p>\n","protected":false},"author":5,"featured_media":0,"parent":0,"menu_order":0,"comment_status":"closed","ping_status":"closed","template":"","meta":{"footnotes":""},"class_list":["post-915","page","type-page","status-publish","hentry"],"_links":{"self":[{"href":"https:\/\/mint.jena.de\/index.php\/wp-json\/wp\/v2\/pages\/915","targetHints":{"allow":["GET"]}}],"collection":[{"href":"https:\/\/mint.jena.de\/index.php\/wp-json\/wp\/v2\/pages"}],"about":[{"href":"https:\/\/mint.jena.de\/index.php\/wp-json\/wp\/v2\/types\/page"}],"author":[{"embeddable":true,"href":"https:\/\/mint.jena.de\/index.php\/wp-json\/wp\/v2\/users\/5"}],"replies":[{"embeddable":true,"href":"https:\/\/mint.jena.de\/index.php\/wp-json\/wp\/v2\/comments?post=915"}],"version-history":[{"count":2,"href":"https:\/\/mint.jena.de\/index.php\/wp-json\/wp\/v2\/pages\/915\/revisions"}],"predecessor-version":[{"id":947,"href":"https:\/\/mint.jena.de\/index.php\/wp-json\/wp\/v2\/pages\/915\/revisions\/947"}],"wp:attachment":[{"href":"https:\/\/mint.jena.de\/index.php\/wp-json\/wp\/v2\/media?parent=915"}],"curies":[{"name":"wp","href":"https:\/\/api.w.org\/{rel}","templated":true}]}}

<h3><span style="color: #0b8469;">Fernes ganz nah!</span></h3>
<p><strong>Physik AG für Schülerinnen und Schüler der Klasse 8</strong><br />Leitung: Dr. Stefan Völker<br />Wann: Montags, 11:35 &#8211; 12:20 Uhr<br />Wo: Carl-Zeiss-Gymnasium Jena oder Teilnahme auch von zu Hause<span style="color: #b2d36f;">*</span> möglich</p>
<p><img loading="lazy" decoding="async" class="alignnone size-large wp-image-907" src="https://mint.jena.de/wp-content/uploads/2025/07/Flyer-woU-8-Physik-2025-2026-724x1024.png" alt="" width="660" height="933" srcset="https://mint.jena.de/wp-content/uploads/2025/07/Flyer-woU-8-Physik-2025-2026-724x1024.png 724w, https://mint.jena.de/wp-content/uploads/2025/07/Flyer-woU-8-Physik-2025-2026-212x300.png 212w, https://mint.jena.de/wp-content/uploads/2025/07/Flyer-woU-8-Physik-2025-2026-768x1086.png 768w, https://mint.jena.de/wp-content/uploads/2025/07/Flyer-woU-8-Physik-2025-2026-1086x1536.png 1086w, https://mint.jena.de/wp-content/uploads/2025/07/Flyer-woU-8-Physik-2025-2026-1448x2048.png 1448w, https://mint.jena.de/wp-content/uploads/2025/07/Flyer-woU-8-Physik-2025-2026.png 1654w" sizes="auto, (max-width: 660px) 100vw, 660px" /></p>
<p><a href="https://mint.jena.de/index.php/mint-ags/">Melde dich jetzt an!</a><br /><span style="color: #b2d36f;">*</span>Wenn du die AG nicht live besuchen kannst, besteht die Möglichkeit einer online-Teilnahme. Du bekommst die Inhalte der AG per Mail zugesandt und kannst auch an Videokonferenzen teilnehmen. </p>
<p><img loading="lazy" decoding="async" class="alignnone size-medium wp-image-688" src="https://mint.jena.de/wp-content/uploads/2024/08/MINT-AG-Fotos-Polaroid-1-e1722726558974-300x291.png" alt="" width="300" height="291" srcset="https://mint.jena.de/wp-content/uploads/2024/08/MINT-AG-Fotos-Polaroid-1-e1722726558974-300x291.png 300w, https://mint.jena.de/wp-content/uploads/2024/08/MINT-AG-Fotos-Polaroid-1-e1722726558974-1024x995.png 1024w, https://mint.jena.de/wp-content/uploads/2024/08/MINT-AG-Fotos-Polaroid-1-e1722726558974-768x746.png 768w, https://mint.jena.de/wp-content/uploads/2024/08/MINT-AG-Fotos-Polaroid-1-e1722726558974.png 1146w" sizes="auto, (max-width: 300px) 100vw, 300px" /></p>
<p> </p>

<p>Fernes ganz nah! Physik AG für Schülerinnen und Schüler der Klasse 8Leitung: Dr. Stefan VölkerWann: Montags, 11:35 &#8211; 12:20 UhrWo: Carl-Zeiss-Gymnasium Jena oder Teilnahme auch von zu Hause* möglich Melde dich jetzt an!*Wenn du die AG nicht live besuchen kannst, besteht die Möglichkeit einer online-Teilnahme. Du bekommst die Inhalte der AG per Mail zugesandt und &hellip; <a href="https://mint.jena.de/index.php/physik-klasse-8/" class="more-link"><span class="screen-reader-text">Physik Klasse 8</span> weiterlesen</a></p>
