{"id":914,"date":"2025-07-30T14:55:00","date_gmt":"2025-07-30T12:55:00","guid":{"rendered":"https:\/\/mint.jena.de\/?page_id=914"},"modified":"2025-07-30T15:06:13","modified_gmt":"2025-07-30T13:06:13","slug":"mathematik-klasse-8","status":"publish","type":"page","link":"https:\/\/mint.jena.de\/index.php\/mathematik-klasse-8\/","title":{"rendered":"Mathematik Klasse 8"},"content":{"rendered":"\n<h3><span style=\"color: #0b8469;\">Spielstrategien und sichere Codes<\/span><\/h3>\n<p><strong>Mathematik AG f\u00fcr Sch\u00fclerinnen und Sch\u00fcler der Klasse 8<\/strong><br \/>Leitung: Dr. J\u00f6rg Bader<br \/>Wann: Mittwochs, 11:35 &#8211; 12:20 Uhr<br \/>Wo: Carl-Zeiss-Gymnasium Jena oder Teilnahme auch von zu Hause<span style=\"color: #b2d36f;\">*<\/span> m\u00f6glich<\/p>\n<p><img loading=\"lazy\" decoding=\"async\" class=\"alignnone size-large wp-image-898\" src=\"https:\/\/mint.jena.de\/wp-content\/uploads\/2025\/07\/2025_Mathe-AG_Klasse8_Ausschreibung-724x1024.png\" alt=\"\" width=\"660\" height=\"933\" srcset=\"https:\/\/mint.jena.de\/wp-content\/uploads\/2025\/07\/2025_Mathe-AG_Klasse8_Ausschreibung-724x1024.png 724w, https:\/\/mint.jena.de\/wp-content\/uploads\/2025\/07\/2025_Mathe-AG_Klasse8_Ausschreibung-212x300.png 212w, https:\/\/mint.jena.de\/wp-content\/uploads\/2025\/07\/2025_Mathe-AG_Klasse8_Ausschreibung-768x1087.png 768w, https:\/\/mint.jena.de\/wp-content\/uploads\/2025\/07\/2025_Mathe-AG_Klasse8_Ausschreibung-1086x1536.png 1086w, https:\/\/mint.jena.de\/wp-content\/uploads\/2025\/07\/2025_Mathe-AG_Klasse8_Ausschreibung-1448x2048.png 1448w, https:\/\/mint.jena.de\/wp-content\/uploads\/2025\/07\/2025_Mathe-AG_Klasse8_Ausschreibung.png 1654w\" sizes=\"auto, (max-width: 660px) 100vw, 660px\" \/><\/p>\n<p><a href=\"https:\/\/mint.jena.de\/index.php\/mint-ags\/\">Melde dich jetzt an!<\/a><br \/><span style=\"color: #b2d36f;\">*<\/span>Wenn du die AG nicht live besuchen kannst, besteht die M\u00f6glichkeit einer online-Teilnahme. Du bekommst die Inhalte der AG per Mail zugesandt und kannst auch an Videokonferenzen teilnehmen.\u00a0<\/p>\n<p><img loading=\"lazy\" decoding=\"async\" class=\"alignnone size-medium wp-image-727\" src=\"https:\/\/mint.jena.de\/wp-content\/uploads\/2024\/08\/MINT-AG-Fotos-Polaroid-2-e1722788591994-300x289.png\" alt=\"\" width=\"300\" height=\"289\" srcset=\"https:\/\/mint.jena.de\/wp-content\/uploads\/2024\/08\/MINT-AG-Fotos-Polaroid-2-e1722788591994-300x289.png 300w, https:\/\/mint.jena.de\/wp-content\/uploads\/2024\/08\/MINT-AG-Fotos-Polaroid-2-e1722788591994-1024x988.png 1024w, https:\/\/mint.jena.de\/wp-content\/uploads\/2024\/08\/MINT-AG-Fotos-Polaroid-2-e1722788591994-768x741.png 768w, https:\/\/mint.jena.de\/wp-content\/uploads\/2024\/08\/MINT-AG-Fotos-Polaroid-2-e1722788591994.png 1140w\" sizes=\"auto, (max-width: 300px) 100vw, 300px\" \/><\/p>\n<h3><span style=\"color: #0b8469;\">Fernes ganz nah!<\/span><\/h3>\n","protected":false},"excerpt":{"rendered":"<p>Spielstrategien und sichere Codes Mathematik AG f\u00fcr Sch\u00fclerinnen und Sch\u00fcler der Klasse 8Leitung: Dr. J\u00f6rg BaderWann: Mittwochs, 11:35 &#8211; 12:20 UhrWo: Carl-Zeiss-Gymnasium Jena oder Teilnahme auch von zu Hause* m\u00f6glich Melde dich jetzt an!*Wenn du die AG nicht live besuchen kannst, besteht die M\u00f6glichkeit einer online-Teilnahme. Du bekommst die Inhalte der AG per Mail zugesandt &hellip; <a href=\"https:\/\/mint.jena.de\/index.php\/mathematik-klasse-8\/\" class=\"more-link\"><span class=\"screen-reader-text\">Mathematik Klasse 8<\/span> weiterlesen<\/a><\/p>\n","protected":false},"author":5,"featured_media":0,"parent":0,"menu_order":0,"comment_status":"closed","ping_status":"closed","template":"","meta":{"footnotes":""},"class_list":["post-914","page","type-page","status-publish","hentry"],"_links":{"self":[{"href":"https:\/\/mint.jena.de\/index.php\/wp-json\/wp\/v2\/pages\/914","targetHints":{"allow":["GET"]}}],"collection":[{"href":"https:\/\/mint.jena.de\/index.php\/wp-json\/wp\/v2\/pages"}],"about":[{"href":"https:\/\/mint.jena.de\/index.php\/wp-json\/wp\/v2\/types\/page"}],"author":[{"embeddable":true,"href":"https:\/\/mint.jena.de\/index.php\/wp-json\/wp\/v2\/users\/5"}],"replies":[{"embeddable":true,"href":"https:\/\/mint.jena.de\/index.php\/wp-json\/wp\/v2\/comments?post=914"}],"version-history":[{"count":2,"href":"https:\/\/mint.jena.de\/index.php\/wp-json\/wp\/v2\/pages\/914\/revisions"}],"predecessor-version":[{"id":945,"href":"https:\/\/mint.jena.de\/index.php\/wp-json\/wp\/v2\/pages\/914\/revisions\/945"}],"wp:attachment":[{"href":"https:\/\/mint.jena.de\/index.php\/wp-json\/wp\/v2\/media?parent=914"}],"curies":[{"name":"wp","href":"https:\/\/api.w.org\/{rel}","templated":true}]}}

<h3><span style="color: #0b8469;">Spielstrategien und sichere Codes</span></h3>
<p><strong>Mathematik AG für Schülerinnen und Schüler der Klasse 8</strong><br />Leitung: Dr. Jörg Bader<br />Wann: Mittwochs, 11:35 &#8211; 12:20 Uhr<br />Wo: Carl-Zeiss-Gymnasium Jena oder Teilnahme auch von zu Hause<span style="color: #b2d36f;">*</span> möglich</p>
<p><img loading="lazy" decoding="async" class="alignnone size-large wp-image-898" src="https://mint.jena.de/wp-content/uploads/2025/07/2025_Mathe-AG_Klasse8_Ausschreibung-724x1024.png" alt="" width="660" height="933" srcset="https://mint.jena.de/wp-content/uploads/2025/07/2025_Mathe-AG_Klasse8_Ausschreibung-724x1024.png 724w, https://mint.jena.de/wp-content/uploads/2025/07/2025_Mathe-AG_Klasse8_Ausschreibung-212x300.png 212w, https://mint.jena.de/wp-content/uploads/2025/07/2025_Mathe-AG_Klasse8_Ausschreibung-768x1087.png 768w, https://mint.jena.de/wp-content/uploads/2025/07/2025_Mathe-AG_Klasse8_Ausschreibung-1086x1536.png 1086w, https://mint.jena.de/wp-content/uploads/2025/07/2025_Mathe-AG_Klasse8_Ausschreibung-1448x2048.png 1448w, https://mint.jena.de/wp-content/uploads/2025/07/2025_Mathe-AG_Klasse8_Ausschreibung.png 1654w" sizes="auto, (max-width: 660px) 100vw, 660px" /></p>
<p><a href="https://mint.jena.de/index.php/mint-ags/">Melde dich jetzt an!</a><br /><span style="color: #b2d36f;">*</span>Wenn du die AG nicht live besuchen kannst, besteht die Möglichkeit einer online-Teilnahme. Du bekommst die Inhalte der AG per Mail zugesandt und kannst auch an Videokonferenzen teilnehmen. </p>
<p><img loading="lazy" decoding="async" class="alignnone size-medium wp-image-727" src="https://mint.jena.de/wp-content/uploads/2024/08/MINT-AG-Fotos-Polaroid-2-e1722788591994-300x289.png" alt="" width="300" height="289" srcset="https://mint.jena.de/wp-content/uploads/2024/08/MINT-AG-Fotos-Polaroid-2-e1722788591994-300x289.png 300w, https://mint.jena.de/wp-content/uploads/2024/08/MINT-AG-Fotos-Polaroid-2-e1722788591994-1024x988.png 1024w, https://mint.jena.de/wp-content/uploads/2024/08/MINT-AG-Fotos-Polaroid-2-e1722788591994-768x741.png 768w, https://mint.jena.de/wp-content/uploads/2024/08/MINT-AG-Fotos-Polaroid-2-e1722788591994.png 1140w" sizes="auto, (max-width: 300px) 100vw, 300px" /></p>
<h3><span style="color: #0b8469;">Fernes ganz nah!</span></h3>

<p>Spielstrategien und sichere Codes Mathematik AG für Schülerinnen und Schüler der Klasse 8Leitung: Dr. Jörg BaderWann: Mittwochs, 11:35 &#8211; 12:20 UhrWo: Carl-Zeiss-Gymnasium Jena oder Teilnahme auch von zu Hause* möglich Melde dich jetzt an!*Wenn du die AG nicht live besuchen kannst, besteht die Möglichkeit einer online-Teilnahme. Du bekommst die Inhalte der AG per Mail zugesandt &hellip; <a href="https://mint.jena.de/index.php/mathematik-klasse-8/" class="more-link"><span class="screen-reader-text">Mathematik Klasse 8</span> weiterlesen</a></p>
