{"id":913,"date":"2025-07-30T14:55:00","date_gmt":"2025-07-30T12:55:00","guid":{"rendered":"https:\/\/mint.jena.de\/?page_id=913"},"modified":"2025-08-05T09:52:39","modified_gmt":"2025-08-05T07:52:39","slug":"informatik-klasse-8","status":"publish","type":"page","link":"https:\/\/mint.jena.de\/index.php\/informatik-klasse-8\/","title":{"rendered":"Informatik Klasse 8"},"content":{"rendered":"\n<h3><span style=\"color: #0b8469;\">Processing<\/span><\/h3>\n<p><strong>Informatik AG f\u00fcr Sch\u00fclerinnen und Sch\u00fcler der Klasse 8<\/strong><br \/>Leitung: Mario Sch\u00f6nitz<br \/>Wann: Montags, 11:35 &#8211; 12:20 Uhr<br \/>Wo: Carl-Zeiss-Gymnasium Jena oder Teilnahme auch von zu Hause<span style=\"color: #b2d36f;\">*<\/span> m\u00f6glich<\/p>\n<p><img loading=\"lazy\" decoding=\"async\" class=\"alignnone size-full wp-image-1070\" src=\"https:\/\/mint.jena.de\/wp-content\/uploads\/2025\/08\/Flyer-Informatik-AG-8.png\" alt=\"\" width=\"1414\" height=\"2000\" srcset=\"https:\/\/mint.jena.de\/wp-content\/uploads\/2025\/08\/Flyer-Informatik-AG-8.png 1414w, https:\/\/mint.jena.de\/wp-content\/uploads\/2025\/08\/Flyer-Informatik-AG-8-212x300.png 212w, https:\/\/mint.jena.de\/wp-content\/uploads\/2025\/08\/Flyer-Informatik-AG-8-724x1024.png 724w, https:\/\/mint.jena.de\/wp-content\/uploads\/2025\/08\/Flyer-Informatik-AG-8-768x1086.png 768w, https:\/\/mint.jena.de\/wp-content\/uploads\/2025\/08\/Flyer-Informatik-AG-8-1086x1536.png 1086w\" sizes=\"auto, (max-width: 1414px) 100vw, 1414px\" \/><\/p>\n<p><a href=\"https:\/\/mint.jena.de\/index.php\/mint-ags\/\">Melde dich jetzt an!<\/a><br \/><span style=\"color: #b2d36f;\">*<\/span>Wenn du die AG nicht live besuchen kannst, besteht die M\u00f6glichkeit einer online-Teilnahme. Du bekommst die Inhalte der AG per Mail zugesandt und kannst auch an Videokonferenzen teilnehmen.\u00a0<\/p>\n","protected":false},"excerpt":{"rendered":"<p>Processing Informatik AG f\u00fcr Sch\u00fclerinnen und Sch\u00fcler der Klasse 8Leitung: Mario Sch\u00f6nitzWann: Montags, 11:35 &#8211; 12:20 UhrWo: Carl-Zeiss-Gymnasium Jena oder Teilnahme auch von zu Hause* m\u00f6glich Melde dich jetzt an!*Wenn du die AG nicht live besuchen kannst, besteht die M\u00f6glichkeit einer online-Teilnahme. Du bekommst die Inhalte der AG per Mail zugesandt und kannst auch an &hellip; <a href=\"https:\/\/mint.jena.de\/index.php\/informatik-klasse-8\/\" class=\"more-link\"><span class=\"screen-reader-text\">Informatik Klasse 8<\/span> weiterlesen<\/a><\/p>\n","protected":false},"author":5,"featured_media":0,"parent":0,"menu_order":0,"comment_status":"closed","ping_status":"closed","template":"","meta":{"footnotes":""},"class_list":["post-913","page","type-page","status-publish","hentry"],"_links":{"self":[{"href":"https:\/\/mint.jena.de\/index.php\/wp-json\/wp\/v2\/pages\/913","targetHints":{"allow":["GET"]}}],"collection":[{"href":"https:\/\/mint.jena.de\/index.php\/wp-json\/wp\/v2\/pages"}],"about":[{"href":"https:\/\/mint.jena.de\/index.php\/wp-json\/wp\/v2\/types\/page"}],"author":[{"embeddable":true,"href":"https:\/\/mint.jena.de\/index.php\/wp-json\/wp\/v2\/users\/5"}],"replies":[{"embeddable":true,"href":"https:\/\/mint.jena.de\/index.php\/wp-json\/wp\/v2\/comments?post=913"}],"version-history":[{"count":3,"href":"https:\/\/mint.jena.de\/index.php\/wp-json\/wp\/v2\/pages\/913\/revisions"}],"predecessor-version":[{"id":1072,"href":"https:\/\/mint.jena.de\/index.php\/wp-json\/wp\/v2\/pages\/913\/revisions\/1072"}],"wp:attachment":[{"href":"https:\/\/mint.jena.de\/index.php\/wp-json\/wp\/v2\/media?parent=913"}],"curies":[{"name":"wp","href":"https:\/\/api.w.org\/{rel}","templated":true}]}}

<h3><span style="color: #0b8469;">Processing</span></h3>
<p><strong>Informatik AG für Schülerinnen und Schüler der Klasse 8</strong><br />Leitung: Mario Schönitz<br />Wann: Montags, 11:35 &#8211; 12:20 Uhr<br />Wo: Carl-Zeiss-Gymnasium Jena oder Teilnahme auch von zu Hause<span style="color: #b2d36f;">*</span> möglich</p>
<p><img loading="lazy" decoding="async" class="alignnone size-full wp-image-1070" src="https://mint.jena.de/wp-content/uploads/2025/08/Flyer-Informatik-AG-8.png" alt="" width="1414" height="2000" srcset="https://mint.jena.de/wp-content/uploads/2025/08/Flyer-Informatik-AG-8.png 1414w, https://mint.jena.de/wp-content/uploads/2025/08/Flyer-Informatik-AG-8-212x300.png 212w, https://mint.jena.de/wp-content/uploads/2025/08/Flyer-Informatik-AG-8-724x1024.png 724w, https://mint.jena.de/wp-content/uploads/2025/08/Flyer-Informatik-AG-8-768x1086.png 768w, https://mint.jena.de/wp-content/uploads/2025/08/Flyer-Informatik-AG-8-1086x1536.png 1086w" sizes="auto, (max-width: 1414px) 100vw, 1414px" /></p>
<p><a href="https://mint.jena.de/index.php/mint-ags/">Melde dich jetzt an!</a><br /><span style="color: #b2d36f;">*</span>Wenn du die AG nicht live besuchen kannst, besteht die Möglichkeit einer online-Teilnahme. Du bekommst die Inhalte der AG per Mail zugesandt und kannst auch an Videokonferenzen teilnehmen. </p>

<p>Processing Informatik AG für Schülerinnen und Schüler der Klasse 8Leitung: Mario SchönitzWann: Montags, 11:35 &#8211; 12:20 UhrWo: Carl-Zeiss-Gymnasium Jena oder Teilnahme auch von zu Hause* möglich Melde dich jetzt an!*Wenn du die AG nicht live besuchen kannst, besteht die Möglichkeit einer online-Teilnahme. Du bekommst die Inhalte der AG per Mail zugesandt und kannst auch an &hellip; <a href="https://mint.jena.de/index.php/informatik-klasse-8/" class="more-link"><span class="screen-reader-text">Informatik Klasse 8</span> weiterlesen</a></p>
