{"id":912,"date":"2025-07-30T14:55:00","date_gmt":"2025-07-30T12:55:00","guid":{"rendered":"https:\/\/mint.jena.de\/?page_id=912"},"modified":"2025-08-05T09:34:27","modified_gmt":"2025-08-05T07:34:27","slug":"chemie-klasse-8","status":"publish","type":"page","link":"https:\/\/mint.jena.de\/index.php\/chemie-klasse-8\/","title":{"rendered":"Chemie Klasse 8"},"content":{"rendered":"\n<h3><span style=\"color: #0b8469;\">Hier wird&#8217;s bunt!<\/span><\/h3>\n<p><strong>Chemie AG f\u00fcr Sch\u00fclerinnen und Sch\u00fcler der Klasse 8<\/strong><br \/>Leitung: Sabine Rinke\u00a0<br \/>Wann: Montags, 11:35 &#8211; 12:20 Uhr<br \/>Wo: Carl-Zeiss-Gymnasium Jena oder Teilnahme auch von zu Hause<span style=\"color: #b2d36f;\">*<\/span> m\u00f6glich<\/p>\n<p><img loading=\"lazy\" decoding=\"async\" class=\"alignnone size-full wp-image-1063\" src=\"https:\/\/mint.jena.de\/wp-content\/uploads\/2025\/08\/Flyer-Chemie-AG-8.png\" alt=\"\" width=\"1654\" height=\"2339\" srcset=\"https:\/\/mint.jena.de\/wp-content\/uploads\/2025\/08\/Flyer-Chemie-AG-8.png 1654w, https:\/\/mint.jena.de\/wp-content\/uploads\/2025\/08\/Flyer-Chemie-AG-8-212x300.png 212w, https:\/\/mint.jena.de\/wp-content\/uploads\/2025\/08\/Flyer-Chemie-AG-8-724x1024.png 724w, https:\/\/mint.jena.de\/wp-content\/uploads\/2025\/08\/Flyer-Chemie-AG-8-768x1086.png 768w, https:\/\/mint.jena.de\/wp-content\/uploads\/2025\/08\/Flyer-Chemie-AG-8-1086x1536.png 1086w, https:\/\/mint.jena.de\/wp-content\/uploads\/2025\/08\/Flyer-Chemie-AG-8-1448x2048.png 1448w\" sizes=\"auto, (max-width: 1654px) 100vw, 1654px\" \/><\/p>\n<p><a href=\"https:\/\/mint.jena.de\/index.php\/mint-ags\/\">Melde dich jetzt an!<\/a><br \/><span style=\"color: #b2d36f;\">*<\/span>Wenn du die AG nicht live besuchen kannst, besteht die M\u00f6glichkeit einer online-Teilnahme. Du bekommst die Inhalte der AG per Mail zugesandt und erh\u00e4ltst regelm\u00e4\u00dfiges Feedback zu deinen Ergebnissen.\u00a0<\/p>\n","protected":false},"excerpt":{"rendered":"<p>Hier wird&#8217;s bunt! Chemie AG f\u00fcr Sch\u00fclerinnen und Sch\u00fcler der Klasse 8Leitung: Sabine Rinke\u00a0Wann: Montags, 11:35 &#8211; 12:20 UhrWo: Carl-Zeiss-Gymnasium Jena oder Teilnahme auch von zu Hause* m\u00f6glich Melde dich jetzt an!*Wenn du die AG nicht live besuchen kannst, besteht die M\u00f6glichkeit einer online-Teilnahme. Du bekommst die Inhalte der AG per Mail zugesandt und erh\u00e4ltst &hellip; <a href=\"https:\/\/mint.jena.de\/index.php\/chemie-klasse-8\/\" class=\"more-link\"><span class=\"screen-reader-text\">Chemie Klasse 8<\/span> weiterlesen<\/a><\/p>\n","protected":false},"author":5,"featured_media":1065,"parent":0,"menu_order":0,"comment_status":"closed","ping_status":"closed","template":"","meta":{"footnotes":""},"class_list":["post-912","page","type-page","status-publish","has-post-thumbnail","hentry"],"_links":{"self":[{"href":"https:\/\/mint.jena.de\/index.php\/wp-json\/wp\/v2\/pages\/912","targetHints":{"allow":["GET"]}}],"collection":[{"href":"https:\/\/mint.jena.de\/index.php\/wp-json\/wp\/v2\/pages"}],"about":[{"href":"https:\/\/mint.jena.de\/index.php\/wp-json\/wp\/v2\/types\/page"}],"author":[{"embeddable":true,"href":"https:\/\/mint.jena.de\/index.php\/wp-json\/wp\/v2\/users\/5"}],"replies":[{"embeddable":true,"href":"https:\/\/mint.jena.de\/index.php\/wp-json\/wp\/v2\/comments?post=912"}],"version-history":[{"count":4,"href":"https:\/\/mint.jena.de\/index.php\/wp-json\/wp\/v2\/pages\/912\/revisions"}],"predecessor-version":[{"id":1066,"href":"https:\/\/mint.jena.de\/index.php\/wp-json\/wp\/v2\/pages\/912\/revisions\/1066"}],"wp:featuredmedia":[{"embeddable":true,"href":"https:\/\/mint.jena.de\/index.php\/wp-json\/wp\/v2\/media\/1065"}],"wp:attachment":[{"href":"https:\/\/mint.jena.de\/index.php\/wp-json\/wp\/v2\/media?parent=912"}],"curies":[{"name":"wp","href":"https:\/\/api.w.org\/{rel}","templated":true}]}}

<h3><span style="color: #0b8469;">Hier wird&#8217;s bunt!</span></h3>
<p><strong>Chemie AG für Schülerinnen und Schüler der Klasse 8</strong><br />Leitung: Sabine Rinke <br />Wann: Montags, 11:35 &#8211; 12:20 Uhr<br />Wo: Carl-Zeiss-Gymnasium Jena oder Teilnahme auch von zu Hause<span style="color: #b2d36f;">*</span> möglich</p>
<p><img loading="lazy" decoding="async" class="alignnone size-full wp-image-1063" src="https://mint.jena.de/wp-content/uploads/2025/08/Flyer-Chemie-AG-8.png" alt="" width="1654" height="2339" srcset="https://mint.jena.de/wp-content/uploads/2025/08/Flyer-Chemie-AG-8.png 1654w, https://mint.jena.de/wp-content/uploads/2025/08/Flyer-Chemie-AG-8-212x300.png 212w, https://mint.jena.de/wp-content/uploads/2025/08/Flyer-Chemie-AG-8-724x1024.png 724w, https://mint.jena.de/wp-content/uploads/2025/08/Flyer-Chemie-AG-8-768x1086.png 768w, https://mint.jena.de/wp-content/uploads/2025/08/Flyer-Chemie-AG-8-1086x1536.png 1086w, https://mint.jena.de/wp-content/uploads/2025/08/Flyer-Chemie-AG-8-1448x2048.png 1448w" sizes="auto, (max-width: 1654px) 100vw, 1654px" /></p>
<p><a href="https://mint.jena.de/index.php/mint-ags/">Melde dich jetzt an!</a><br /><span style="color: #b2d36f;">*</span>Wenn du die AG nicht live besuchen kannst, besteht die Möglichkeit einer online-Teilnahme. Du bekommst die Inhalte der AG per Mail zugesandt und erhältst regelmäßiges Feedback zu deinen Ergebnissen. </p>

<p>Hier wird&#8217;s bunt! Chemie AG für Schülerinnen und Schüler der Klasse 8Leitung: Sabine Rinke Wann: Montags, 11:35 &#8211; 12:20 UhrWo: Carl-Zeiss-Gymnasium Jena oder Teilnahme auch von zu Hause* möglich Melde dich jetzt an!*Wenn du die AG nicht live besuchen kannst, besteht die Möglichkeit einer online-Teilnahme. Du bekommst die Inhalte der AG per Mail zugesandt und erhältst &hellip; <a href="https://mint.jena.de/index.php/chemie-klasse-8/" class="more-link"><span class="screen-reader-text">Chemie Klasse 8</span> weiterlesen</a></p>
